CRAN Package Check Results for Package Rpolyhedra

Last updated on 2018-07-17 01:47:19 CEST.

Flavor Version Tinstall Tcheck Ttotal Status Flags
r-devel-linux-x86_64-debian-clang 0.2.6 8.91 92.74 101.65 OK
r-devel-linux-x86_64-debian-gcc 0.2.6 8.62 82.38 91.00 OK
r-devel-linux-x86_64-fedora-clang 0.2.6 133.44 OK
r-devel-linux-x86_64-fedora-gcc 0.2.6 129.56 OK
r-devel-windows-ix86+x86_64 0.2.6 26.00 111.00 137.00 OK
r-patched-linux-x86_64 0.2.6 10.88 98.79 109.67 OK
r-patched-solaris-x86 0.2.6 189.20 OK
r-release-linux-x86_64 0.2.6 9.27 99.13 108.40 OK
r-release-windows-ix86+x86_64 0.2.6 28.00 136.00 164.00 OK
r-release-osx-x86_64 0.2.6 WARN
r-oldrel-windows-ix86+x86_64 0.2.6 15.00 158.00 173.00 OK
r-oldrel-osx-x86_64 0.2.6 WARN

Check Details

Version: 0.2.6
Check: whether package can be installed
Result: WARN
    Found the following significant warnings:
     Warning: 'rgl_init' failed, running with rgl.useNULL = TRUE
Flavors: r-release-osx-x86_64, r-oldrel-osx-x86_64