Last updated on 2018-07-17 01:47:19 CEST.
Flavor | Version | Tinstall | Tcheck | Ttotal | Status | Flags |
---|---|---|---|---|---|---|
r-devel-linux-x86_64-debian-clang | 0.0-3 | 17.17 | 20.88 | 38.05 | NOTE | |
r-devel-linux-x86_64-debian-gcc | 0.0-3 | 13.53 | 18.94 | 32.47 | NOTE | |
r-devel-linux-x86_64-fedora-clang | 0.0-3 | 52.51 | NOTE | |||
r-devel-linux-x86_64-fedora-gcc | 0.0-3 | 49.58 | NOTE | |||
r-devel-windows-ix86+x86_64 | 0.0-3 | 61.00 | 58.00 | 119.00 | NOTE | |
r-patched-linux-x86_64 | 0.0-3 | 15.61 | 21.29 | 36.90 | NOTE | |
r-patched-solaris-x86 | 0.0-3 | 70.50 | NOTE | |||
r-release-linux-x86_64 | 0.0-3 | 16.41 | 21.29 | 37.70 | NOTE | |
r-release-windows-ix86+x86_64 | 0.0-3 | 59.00 | 79.00 | 138.00 | NOTE | |
r-release-osx-x86_64 | 0.0-3 | NOTE | ||||
r-oldrel-windows-ix86+x86_64 | 0.0-3 | 45.00 | 64.00 | 109.00 | NOTE | |
r-oldrel-osx-x86_64 | 0.0-3 | ERROR |
Version: 0.0-3
Check: for GNU extensions in Makefiles
Result: NOTE
GNU make is a SystemRequirements.
Flavors: r-devel-linux-x86_64-debian-clang, r-devel-linux-x86_64-debian-gcc, r-devel-linux-x86_64-fedora-clang, r-devel-linux-x86_64-fedora-gcc, r-devel-windows-ix86+x86_64, r-patched-linux-x86_64, r-patched-solaris-x86, r-release-linux-x86_64, r-release-windows-ix86+x86_64, r-release-osx-x86_64, r-oldrel-windows-ix86+x86_64
Version: 0.0-3
Check: compiled code
Result: NOTE
File ‘Ruchardet/libs/Ruchardet.so’:
Found no calls to: ‘R_registerRoutines’, ‘R_useDynamicSymbols’
It is good practice to register native routines and to disable symbol
search.
See ‘Writing portable packages’ in the ‘Writing R Extensions’ manual.
Flavors: r-devel-linux-x86_64-debian-clang, r-devel-linux-x86_64-debian-gcc, r-devel-linux-x86_64-fedora-clang, r-devel-linux-x86_64-fedora-gcc, r-patched-linux-x86_64, r-release-linux-x86_64
Version: 0.0-3
Check: whether package can be installed
Result: ERROR
Installation failed.
Flavor: r-oldrel-osx-x86_64