Last updated on 2018-07-17 01:47:19 CEST.
Flavor | Version | Tinstall | Tcheck | Ttotal | Status | Flags |
---|---|---|---|---|---|---|
r-devel-linux-x86_64-debian-clang | 0.17 | 467.79 | 34.62 | 502.41 | OK | |
r-devel-linux-x86_64-debian-gcc | 0.17 | 415.07 | 33.55 | 448.62 | OK | |
r-devel-linux-x86_64-fedora-clang | 0.17 | 790.25 | NOTE | |||
r-devel-linux-x86_64-fedora-gcc | 0.17 | 780.28 | WARN | |||
r-devel-windows-ix86+x86_64 | 0.17 | 1291.00 | 102.00 | 1393.00 | NOTE | |
r-patched-linux-x86_64 | 0.17 | 516.06 | 40.00 | 556.06 | OK | |
r-patched-solaris-x86 | 0.17 | 695.10 | OK | |||
r-release-linux-x86_64 | 0.17 | 523.45 | 40.21 | 563.66 | OK | |
r-release-windows-ix86+x86_64 | 0.17 | 1292.00 | 143.00 | 1435.00 | NOTE | |
r-release-osx-x86_64 | 0.17 | NOTE | ||||
r-oldrel-windows-ix86+x86_64 | 0.17 | 964.00 | 115.00 | 1079.00 | NOTE | |
r-oldrel-osx-x86_64 | 0.17 | NOTE |
Version: 0.17
Check: installed package size
Result: NOTE
installed size is 42.2Mb
sub-directories of 1Mb or more:
libs 41.5Mb
Flavors: r-devel-linux-x86_64-fedora-clang, r-devel-windows-ix86+x86_64, r-release-windows-ix86+x86_64, r-release-osx-x86_64, r-oldrel-windows-ix86+x86_64, r-oldrel-osx-x86_64
Version: 0.17
Check: whether package can be installed
Result: WARN
Found the following significant warnings:
vcglib/wrap/io_trimesh/export_stl.h:99:18: warning: ‘char* strncpy(char*, const char*, size_t)’ output truncated copying 80 bytes from a string of length 101 [-Wstringop-truncation]
Flavor: r-devel-linux-x86_64-fedora-gcc