CRAN Package Check Results for Package SDMPlay

Last updated on 2018-07-17 01:47:23 CEST.

Flavor Version Tinstall Tcheck Ttotal Status Flags
r-devel-linux-x86_64-debian-clang 1.2 2.94 85.03 87.97 OK
r-devel-linux-x86_64-debian-gcc 1.2 2.09 74.95 77.04 OK
r-devel-linux-x86_64-fedora-clang 1.2 116.53 NOTE
r-devel-linux-x86_64-fedora-gcc 1.2 106.86 NOTE
r-devel-windows-ix86+x86_64 1.2 8.00 103.00 111.00 OK
r-patched-linux-x86_64 1.2 2.41 84.37 86.78 OK
r-patched-solaris-x86 1.2 171.40 NOTE
r-release-linux-x86_64 1.2 2.30 82.66 84.96 OK
r-release-windows-ix86+x86_64 1.2 8.00 118.00 126.00 OK
r-release-osx-x86_64 1.2 NOTE
r-oldrel-windows-ix86+x86_64 1.2 5.00 102.00 107.00 OK
r-oldrel-osx-x86_64 1.2 NOTE

Check Details

Version: 1.2
Check: dependencies in R code
Result: NOTE
    Namespace in Imports field not imported from: ‘gbm’
     All declared Imports should be used.
Flavors: r-devel-linux-x86_64-fedora-clang, r-devel-linux-x86_64-fedora-gcc, r-patched-solaris-x86, r-release-osx-x86_64, r-oldrel-osx-x86_64

Version: 1.2
Check: installed package size
Result: NOTE
     installed size is 5.3Mb
     sub-directories of 1Mb or more:
     data 1.5Mb
     vignette_data 2.1Mb
Flavor: r-patched-solaris-x86