CRAN Package Check Results for Package SHELF

Last updated on 2018-07-17 01:47:23 CEST.

Flavor Version Tinstall Tcheck Ttotal Status Flags
r-devel-linux-x86_64-debian-clang 1.3.0 7.14 70.45 77.59 OK
r-devel-linux-x86_64-debian-gcc 1.3.0 5.52 60.80 66.32 OK
r-devel-linux-x86_64-fedora-clang 1.3.0 96.80 OK
r-devel-linux-x86_64-fedora-gcc 1.3.0 93.76 OK
r-devel-windows-ix86+x86_64 1.3.0 14.00 116.00 130.00 OK
r-patched-linux-x86_64 1.3.0 6.40 73.65 80.05 NOTE
r-patched-solaris-x86 1.3.0 111.90 OK
r-release-linux-x86_64 1.3.0 7.22 73.79 81.01 NOTE
r-release-windows-ix86+x86_64 1.3.0 14.00 164.00 178.00 OK
r-release-osx-x86_64 1.3.0 OK
r-oldrel-windows-ix86+x86_64 1.3.0 9.00 123.00 132.00 OK
r-oldrel-osx-x86_64 1.3.0 OK

Check Details

Version: 1.3.0
Check: DESCRIPTION meta-information
Result: NOTE
    Dependence on R version ‘3.3.1’ not with patchlevel 0
Flavors: r-patched-linux-x86_64, r-release-linux-x86_64