CRAN Package Check Results for Package SIBER

Last updated on 2018-07-17 01:47:23 CEST.

Flavor Version Tinstall Tcheck Ttotal Status Flags
r-devel-linux-x86_64-debian-clang 2.1.3 2.50 96.95 99.45 ERROR
r-devel-linux-x86_64-debian-gcc 2.1.3 1.86 83.62 85.48 OK
r-devel-linux-x86_64-fedora-clang 2.1.3 141.38 NOTE
r-devel-linux-x86_64-fedora-gcc 2.1.3 140.08 NOTE
r-devel-windows-ix86+x86_64 2.1.3 6.00 118.00 124.00 OK
r-patched-linux-x86_64 2.1.3 2.27 110.13 112.40 OK
r-patched-solaris-x86 2.1.3 174.70 NOTE
r-release-linux-x86_64 2.1.3 2.53 112.79 115.32 OK
r-release-windows-ix86+x86_64 2.1.3 7.00 165.00 172.00 OK
r-release-osx-x86_64 2.1.3 NOTE
r-oldrel-windows-ix86+x86_64 2.1.3 5.00 187.00 192.00 OK
r-oldrel-osx-x86_64 2.1.3 NOTE

Check Details

Version: 2.1.3
Check: examples
Result: ERROR
    Running examples in ‘SIBER-Ex.R’ failed
    The error most likely occurred in:
    
    > base::assign(".ptime", proc.time(), pos = "CheckExEnv")
    > ### Name: fitEllipse
    > ### Title: Fit a multivariate normal distribution to x and y data using
    > ### jags
    > ### Aliases: fitEllipse
    >
    > ### ** Examples
    >
    > x <- stats::rnorm(50)
    > y <- stats::rnorm(50)
    > parms <- list()
    > parms$n.iter <- 2 * 10^3
    > parms$n.burnin <- 500
    > parms$n.thin <- 2
    > parms$n.chains <- 2
    > priors <- list()
    > priors$R <- 1 * diag(2)
    > priors$k <- 2
    > priors$tau.mu <- 1.0E-3
    > fitEllipse(x, y, parms, priors)
    Compiling model graph
     Resolving undeclared variables
     Allocating nodes
    Graph information:
     Observed stochastic nodes: 50
     Unobserved stochastic nodes: 3
     Total graph size: 65
    
    Initializing model
    
    [[1]]
    Markov Chain Monte Carlo (MCMC) output:
    Start = 10
    End = 2000
    Thinning interval = 10
     Sigma2[1,1] Sigma2[2,1] Sigma2[1,2] Sigma2[2,2] mu[1]
     [1,] 0.7635644 -0.0485184223 -0.0485184223 1.0790237 0.0983036906
     [2,] 0.7794609 -0.0810339959 -0.0810339959 0.9398532 0.0754985823
     [3,] 0.7490091 -0.2361544633 -0.2361544633 1.1981112 0.0807476756
     [4,] 0.9534725 0.0938312758 0.0938312758 0.8412436 0.1781357831
     [5,] 0.6618233 -0.1486775094 -0.1486775094 0.7957083 0.1502835082
     [6,] 0.7201745 -0.0767053042 -0.0767053042 0.9409899 0.0572729980
     [7,] 0.5102329 -0.1000657271 -0.1000657271 0.8648963 0.2709940654
     [8,] 1.1514826 0.0608002312 0.0608002312 0.9914369 -0.0472512337
     [9,] 0.7857183 0.0897805671 0.0897805671 0.7782408 0.0713011036
     [10,] 1.2080943 -0.0815372531 -0.0815372531 1.3518084 0.0771231323
     [11,] 0.6951438 -0.0116046926 -0.0116046926 0.8544471 0.2207992284
     [12,] 0.6101286 -0.2156211521 -0.2156211521 1.3576665 0.2169268780
     [13,] 0.6008569 -0.0848789340 -0.0848789340 0.8626957 -0.1257508891
     [14,] 0.6023290 -0.1400380271 -0.1400380271 0.8981656 0.2106298016
     [15,] 0.5547695 -0.0942208873 -0.0942208873 1.5279147 0.0902277342
     [16,] 0.7110346 -0.0113300377 -0.0113300377 0.8735096 0.0841474640
     [17,] 0.6344702 0.0277287736 0.0277287736 0.8738300 0.0905514954
     [18,] 0.5872953 -0.1253698209 -0.1253698209 1.5654468 0.0009437321
     [19,] 0.7464149 0.0226652709 0.0226652709 1.0373218 0.3440933544
     [20,] 0.9442669 -0.2014486332 -0.2014486332 1.0699134 0.1350702136
     [21,] 0.7703520 -0.0747351928 -0.0747351928 1.0824756 0.1172728569
     [22,] 0.8093573 -0.2068759983 -0.2068759983 0.8906867 0.2344696449
     [23,] 0.7022561 -0.0816818267 -0.0816818267 1.0106337 -0.0214750385
     [24,] 0.9671013 -0.1053242502 -0.1053242502 1.2253613 0.1382602323
     [25,] 0.6498560 0.0841795054 0.0841795054 0.8295203 0.0037289937
     [26,] 0.6127925 0.1215458594 0.1215458594 0.9514136 -0.0224282474
     [27,] 0.8777365 -0.0908625203 -0.0908625203 0.8793206 0.3509910796
     [28,] 0.4326046 0.0010384104 0.0010384104 1.0305722 0.0801251879
     [29,] 0.6494833 -0.1784766343 -0.1784766343 1.0455183 -0.0025015678
     [30,] 1.0472284 -0.0357799263 -0.0357799263 1.1006530 0.1949282543
     [31,] 0.6306533 0.0292946210 0.0292946210 0.7781373 0.0273285306
     [32,] 0.5340262 -0.2166535182 -0.2166535182 0.9434265 0.1625889666
     [33,] 0.8769773 0.2323060099 0.2323060099 0.9233963 -0.0799520043
     [34,] 0.5380964 0.0661809802 0.0661809802 1.1363700 0.1242497835
     [35,] 0.6261303 -0.0377444567 -0.0377444567 0.7941209 0.0557866283
     [36,] 0.4953896 -0.1048843169 -0.1048843169 1.1985701 0.0784909728
     [37,] 0.6353098 -0.0469981466 -0.0469981466 0.8126049 0.1848293384
     [38,] 0.9517788 0.1663400365 0.1663400365 0.9071617 0.1757669271
     [39,] 0.6911583 -0.0750898509 -0.0750898509 1.0179461 0.2451792445
     [40,] 0.7247942 -0.0576396442 -0.0576396442 0.9851975 -0.0057774214
     [41,] 0.7512022 0.0315195959 0.0315195959 0.7103520 0.1245408001
     [42,] 0.7535483 -0.1994117044 -0.1994117044 0.9939296 -0.0381076476
     [43,] 0.8571396 -0.1384454476 -0.1384454476 1.0972499 0.0435563067
     [44,] 0.6685297 -0.0566248138 -0.0566248138 1.1614241 0.1894993215
     [45,] 0.5607217 0.0046547431 0.0046547431 1.1814709 0.0806260493
     [46,] 0.7450171 -0.0155798443 -0.0155798443 1.2404858 0.1541415742
     [47,] 0.6943359 -0.0392483620 -0.0392483620 1.1624097 -0.1934364509
     [48,] 0.8083838 0.0521789077 0.0521789077 0.8163989 0.0524410591
     [49,] 0.6691650 -0.2778068978 -0.2778068978 1.5221938 -0.0890352737
     [50,] 0.6306997 -0.0682504329 -0.0682504329 0.8278871 0.3748982712
     [51,] 0.5080010 0.0259398265 0.0259398265 0.8682820 0.1984330668
     [52,] 0.6182069 0.0870169409 0.0870169409 1.2805068 0.1836807336
     [53,] 0.6811941 0.1232939606 0.1232939606 1.1503923 0.1372354802
     [54,] 0.7363423 -0.1851023664 -0.1851023664 1.0258714 0.1895288785
     [55,] 0.6101870 0.0486721773 0.0486721773 0.8880577 0.1341535328
     [56,] 0.4963344 -0.0084883885 -0.0084883885 0.9412827 0.0374664838
     [57,] 0.7787846 0.0299632312 0.0299632312 0.9645369 0.1016895817
     [58,] 0.7703524 0.0345813590 0.0345813590 1.0020301 -0.0090053935
     [59,] 0.7905299 0.0715488166 0.0715488166 0.9555682 0.2275804142
     [60,] 0.6802917 -0.0931613466 -0.0931613466 0.7234365 0.2445726202
     [61,] 0.8742889 0.2985421560 0.2985421560 1.1196407 0.2236113539
     [62,] 0.5858846 -0.0681632194 -0.0681632194 0.9698625 0.1810002470
     [63,] 0.7550659 -0.1312120653 -0.1312120653 1.0393637 0.0813104130
     [64,] 0.8448688 -0.0758221561 -0.0758221561 0.7655618 0.4356182237
     [65,] 0.6543199 -0.0269630520 -0.0269630520 0.7391726 0.0790278437
     [66,] 0.5842181 -0.1067593016 -0.1067593016 1.0181034 0.0685709280
     [67,] 0.8898345 -0.1032402803 -0.1032402803 0.9199774 -0.0263388866
     [68,] 0.5855249 0.0544158655 0.0544158655 0.8729664 -0.0342863820
     [69,] 0.5811297 0.0269941059 0.0269941059 0.8462812 0.1124060634
     [70,] 0.6574301 -0.0405157341 -0.0405157341 0.7835405 0.1315569790
     [71,] 0.4624802 -0.1039881453 -0.1039881453 0.8446028 0.2038187539
     [72,] 0.8960032 0.1233910787 0.1233910787 0.8784527 0.2586304447
     [73,] 0.6023278 0.0024317236 0.0024317236 0.8661222 -0.0461437830
     [74,] 0.9197575 0.2292494690 0.2292494690 0.8648889 0.4451846985
     [75,] 0.7272542 0.0277435597 0.0277435597 0.9349488 0.0255415134
     [76,] 0.8809685 -0.0494315822 -0.0494315822 1.0698859 0.1109734846
     [77,] 0.5983934 -0.0872820952 -0.0872820952 0.7420986 0.1016571033
     [78,] 1.1828956 -0.0170058602 -0.0170058602 0.6712839 -0.2610719861
     [79,] 0.5283164 0.1047875669 0.1047875669 0.7249928 0.1020777014
     [80,] 0.6439263 0.0842032819 0.0842032819 0.7539207 0.0289825872
     [81,] 0.7781926 -0.0124821923 -0.0124821923 0.5326842 -0.1233316078
     [82,] 0.6033047 -0.2267250451 -0.2267250451 1.2190566 0.0631026561
     [83,] 0.7126532 0.1391905688 0.1391905688 1.1599483 0.1720372025
     [84,] 0.4068871 0.0099423769 0.0099423769 0.7453345 0.2078600475
     [85,] 0.6923333 0.0163041499 0.0163041499 1.4468731 0.0536998816
     [86,] 0.5234215 0.1658551271 0.1658551271 1.0071859 0.0800166393
     [87,] 0.7780330 -0.0431629338 -0.0431629338 0.9207157 0.1995630192
     [88,] 0.4624522 0.0182678626 0.0182678626 0.9108588 0.0951875309
     [89,] 0.6371629 0.0728332809 0.0728332809 0.5957539 0.2298994010
     [90,] 0.6263568 0.1077784413 0.1077784413 0.9068588 0.1522779011
     [91,] 0.7463501 -0.1286411450 -0.1286411450 1.0527505 0.1126223621
     [92,] 0.5476021 -0.0265288586 -0.0265288586 1.0122213 0.0532091275
     [93,] 0.8812989 0.0888188529 0.0888188529 1.4351996 -0.0354950996
     [94,] 0.6444766 -0.1096435806 -0.1096435806 1.1812345 0.1799315349
     [95,] 0.6468135 -0.1247942125 -0.1247942125 1.4979076 0.0833229932
     [96,] 0.7219123 0.1387623934 0.1387623934 1.1614044 0.2039145785
     [97,] 0.5479641 0.0077812931 0.0077812931 0.8226510 0.1165464767
     [98,] 0.6851187 -0.2319990489 -0.2319990489 1.3873175 -0.1327092288
     [99,] 0.6917312 -0.0965846990 -0.0965846990 0.7120769 0.1745197864
    [100,] 0.8222921 0.0155552112 0.0155552112 0.7566515 0.1074801424
    [101,] 0.4946668 0.2435033508 0.2435033508 1.4414798 0.0897555507
    [102,] 0.7027392 -0.1288599640 -0.1288599640 0.6650805 0.1814956635
    [103,] 0.8405408 -0.0651357150 -0.0651357150 1.0852297 -0.2211319992
    [104,] 0.8738347 0.0387530438 0.0387530438 0.9900958 0.0245263121
    [105,] 0.8687340 -0.0771936563 -0.0771936563 0.9733043 0.1006204835
    [106,] 0.5986966 -0.1586819982 -0.1586819982 1.0242352 0.1275374832
    [107,] 0.6624475 -0.0911430368 -0.0911430368 0.9147784 0.0190129341
    [108,] 0.7140140 -0.1672680779 -0.1672680779 0.7480330 0.0513604543
    [109,] 0.6130575 -0.0117255593 -0.0117255593 1.0926449 0.1403117537
    [110,] 0.7019450 0.0553597212 0.0553597212 0.8734340 0.1398393894
    [111,] 1.0278614 0.0803260511 0.0803260511 0.8001664 0.2328440685
    [112,] 0.8241338 0.0832530906 0.0832530906 0.8163162 0.1360567833
    [113,] 0.6472550 -0.1096117066 -0.1096117066 0.8791652 0.0631489565
    [114,] 0.5129080 -0.0047370605 -0.0047370605 1.1078538 -0.0876101076
    [115,] 0.5396981 -0.0762380700 -0.0762380700 1.2589878 -0.0197629013
    [116,] 0.6785369 -0.0853347966 -0.0853347966 1.0425827 0.0416209026
    [117,] 0.7064468 0.0702187827 0.0702187827 0.9442311 -0.0517554463
    [118,] 0.6201934 -0.0955074300 -0.0955074300 1.0967440 0.1742827177
    [119,] 0.5302484 0.1520347500 0.1520347500 0.9489471 0.1813598607
    [120,] 0.6546790 -0.2968874699 -0.2968874699 1.3545008 -0.1077448677
    [121,] 0.6668866 -0.0712181992 -0.0712181992 0.9874334 0.1300064895
    [122,] 0.7173770 0.1635723186 0.1635723186 0.9862097 0.1075889692
    [123,] 0.8190882 0.0422864661 0.0422864661 0.8197739 0.1049581867
    [124,] 0.8439182 -0.4977588134 -0.4977588134 1.2714182 0.1401313851
    [125,] 0.8229415 0.2268942000 0.2268942000 1.1162891 0.1699188224
    [126,] 0.7109701 -0.0734685298 -0.0734685298 0.7989467 0.2036390764
    [127,] 0.7038078 0.0408468030 0.0408468030 0.9591930 -0.0029734016
    [128,] 1.2902661 -0.0919740272 -0.0919740272 0.8318303 -0.0664968819
    [129,] 0.9062936 -0.1816782233 -0.1816782233 0.9389014 -0.0715898489
    [130,] 0.7450515 -0.0914016909 -0.0914016909 1.0952594 0.1991205392
    [131,] 0.9042601 0.0066489365 0.0066489365 1.0413793 0.0219474878
    [132,] 0.6925961 -0.0662078952 -0.0662078952 0.9082114 0.0935235525
    [133,] 0.8974136 -0.0201895894 -0.0201895894 0.6982238 0.0354248347
    [134,] 0.6771430 -0.2169413317 -0.2169413317 1.0191113 0.2277023956
    [135,] 0.4812082 -0.0082536560 -0.0082536560 0.9656108 0.0173661163
    [136,] 0.6328152 0.2136029073 0.2136029073 1.2432937 0.2697007467
    [137,] 0.8446862 0.0396351088 0.0396351088 0.8442105 0.3376320249
    [138,] 0.6706497 0.2480913472 0.2480913472 1.4135762 -0.0671533791
    [139,] 1.0652322 -0.1523015498 -0.1523015498 1.0416807 0.1035247877
    [140,] 0.8785275 0.2663943428 0.2663943428 1.2795654 -0.0237178706
    [141,] 0.5845471 -0.1011514338 -0.1011514338 0.8759001 -0.0069665002
    [142,] 0.8306584 -0.0410122207 -0.0410122207 1.3575054 0.0058316913
    [143,] 0.5836363 0.0391388079 0.0391388079 0.9294828 0.0666175220
    [144,] 0.6562893 0.1192126494 0.1192126494 1.0156193 -0.0175163772
    [145,] 0.6965742 -0.1194004926 -0.1194004926 1.0755431 0.0555618092
    [146,] 0.7783048 -0.1180052533 -0.1180052533 1.1391181 0.1379431655
    [147,] 0.4954238 -0.0136658863 -0.0136658863 1.2794407 0.0978863673
    [148,] 0.6418962 -0.0776879232 -0.0776879232 0.7956445 0.1872729367
    [149,] 0.5832919 0.0026139758 0.0026139758 0.7183601 0.1151778166
    [150,] 0.5356081 -0.0054577133 -0.0054577133 0.9328329 0.0310638345
    [151,] 0.8507570 -0.1265743372 -0.1265743372 1.1089185 0.0896298753
    [152,] 0.7509446 -0.2208977198 -0.2208977198 0.7432287 0.2202080297
    [153,] 0.5774878 -0.0862569890 -0.0862569890 1.1876967 0.1417662950
    [154,] 0.9218396 -0.2314917173 -0.2314917173 1.1473028 0.4470927035
    [155,] 0.7025182 -0.0851621173 -0.0851621173 0.8999920 0.0260524891
    [156,] 0.7024153 -0.0878511992 -0.0878511992 0.8059730 -0.0276454653
    [157,] 0.5595107 -0.0009145224 -0.0009145224 0.9759351 0.0786995713
    [158,] 0.6980656 -0.0360425152 -0.0360425152 0.8815329 0.1750354206
    [159,] 0.5560454 0.0577760731 0.0577760731 1.2607754 -0.0724372792
    [160,] 0.7388424 -0.1022269352 -0.1022269352 1.3822616 -0.0360051868
    [161,] 0.6595769 -0.0025700606 -0.0025700606 0.9909517 0.0181209419
    [162,] 0.8091054 0.0414341867 0.0414341867 1.1145396 -0.2897828219
    [163,] 0.6234136 0.0394955975 0.0394955975 0.9617226 0.1121936879
    [164,] 0.6801994 -0.0866329787 -0.0866329787 0.7423507 0.1255039501
    [165,] 0.5985573 -0.0706079947 -0.0706079947 0.8852391 0.0496897033
    [166,] 0.8978804 0.1303375636 0.1303375636 0.7361772 0.3066092262
    [167,] 0.8004814 0.0870481886 0.0870481886 1.0122877 0.0902410334
    [168,] 0.6079053 -0.1751297832 -0.1751297832 0.8527595 0.0715274545
    [169,] 0.7586415 0.0436612894 0.0436612894 0.8092685 -0.1712163885
    [170,] 0.5964091 -0.0444586842 -0.0444586842 0.6224538 -0.0462491033
    [171,] 0.9070292 0.1150588735 0.1150588735 1.0587650 0.1039201487
    [172,] 0.8067711 -0.1447371808 -0.1447371808 1.1384178 -0.1119802024
    [173,] 0.6399065 -0.1632566444 -0.1632566444 0.7233321 0.1591461559
    [174,] 1.3169376 -0.3485707294 -0.3485707294 0.8211215 0.0491239299
    [175,] 0.9995596 0.2837429334 0.2837429334 1.0369168 0.2314500212
    [176,] 0.6190521 -0.1375396884 -0.1375396884 0.7602047 0.3850599461
    [177,] 0.4870780 -0.0260708275 -0.0260708275 0.8400458 -0.0072631331
    [178,] 0.6158528 0.0862974275 0.0862974275 0.8371375 0.1376656435
    [179,] 0.7962162 -0.0361425417 -0.0361425417 0.7808832 -0.0725031213
    [180,] 1.0490788 -0.1630517896 -0.1630517896 0.7989486 0.1421743369
    [181,] 0.8323872 0.0786079602 0.0786079602 1.3127912 0.1015179888
    [182,] 0.5739568 -0.1040667673 -0.1040667673 1.0738380 0.1910658981
    [183,] 0.6275143 -0.1375686330 -0.1375686330 0.8457897 0.1129384408
    [184,] 0.5492606 -0.0220120944 -0.0220120944 0.7051513 -0.0317789580
    [185,] 0.8225949 -0.1088587466 -0.1088587466 0.7805778 0.1846605869
    [186,] 0.8493743 -0.1207035367 -0.1207035367 1.1264014 -0.2797573183
    [187,] 0.6193626 -0.1099301117 -0.1099301117 0.9318763 -0.0275343602
    [188,] 0.6715305 -0.2306335909 -0.2306335909 1.0388230 0.0482321711
    [189,] 0.6686764 -0.0924815520 -0.0924815520 1.2196596 0.0283893498
    [190,] 0.8442707 -0.2736471562 -0.2736471562 0.7959885 0.0176597330
    [191,] 0.7295639 0.0512773832 0.0512773832 0.9756373 0.1455574317
    [192,] 0.8102036 -0.0069604139 -0.0069604139 0.7346529 0.1038070933
    [193,] 0.5548876 0.0330136059 0.0330136059 0.6676977 0.0497665624
    [194,] 0.6461321 -0.0334398658 -0.0334398658 1.0143812 0.0407172682
    [195,] 0.7816031 -0.1267276496 -0.1267276496 0.7625447 0.1031332729
    [196,] 0.5407503 -0.0841366299 -0.0841366299 0.8028922 0.1721352710
    [197,] 0.6752300 -0.0247786824 -0.0247786824 1.0438983 0.0137350774
    [198,] 0.6215451 -0.0254211894 -0.0254211894 0.8095905 -0.0376093807
    [199,] 0.6227266 0.0012162985 0.0012162985 1.1327499 0.1484011781
    [200,] 0.5717122 0.0490480497 0.0490480497 0.7152730 0.0933814615
     mu[2]
     [1,] 0.2050561727
     [2,] -0.0791601167
     [3,] -0.0587742089
     [4,] 0.1182878240
     [5,] -0.0227160158
     [6,] 0.0725213730
     [7,] 0.1082899574
     [8,] 0.1455829493
     [9,] 0.1386178469
     [10,] 0.0984279931
     [11,] 0.1445677260
     [12,] 0.1193443750
     [13,] 0.3064248702
     [14,] 0.3011140047
     [15,] 0.0526404996
     [16,] 0.2414503241
     [17,] 0.2411485529
     [18,] 0.2266878392
     [19,] 0.1435954276
     [20,] -0.0420429635
     [21,] 0.0718770194
     [22,] 0.0543269884
     [23,] 0.1407230630
     [24,] 0.0851682224
     [25,] 0.0548870125
     [26,] 0.1089604498
     [27,] 0.0915081916
     [28,] 0.3415977761
     [29,] 0.1590643336
     [30,] 0.2249601608
     [31,] 0.0645439240
     [32,] 0.1197808332
     [33,] -0.0115394278
     [34,] 0.1813756554
     [35,] 0.2693118955
     [36,] 0.1927090978
     [37,] 0.0449661792
     [38,] 0.0576605734
     [39,] -0.0045688310
     [40,] -0.0364756379
     [41,] -0.0072933858
     [42,] 0.2387456451
     [43,] 0.0294921074
     [44,] 0.0116578491
     [45,] 0.3055011546
     [46,] -0.1823499985
     [47,] 0.2768969951
     [48,] -0.0506933697
     [49,] 0.2106039316
     [50,] 0.1924682667
     [51,] 0.2395647645
     [52,] -0.0318036114
     [53,] 0.2384495491
     [54,] 0.0333566128
     [55,] 0.0782689350
     [56,] 0.1277846245
     [57,] -0.0240772276
     [58,] -0.0009484562
     [59,] 0.2391689549
     [60,] 0.0068613482
     [61,] 0.3217930287
     [62,] -0.0256952619
     [63,] 0.3757654032
     [64,] -0.0074180840
     [65,] 0.3173690282
     [66,] 0.0852765887
     [67,] 0.0436915173
     [68,] 0.1993316889
     [69,] 0.0724579539
     [70,] 0.1850692770
     [71,] 0.0446545766
     [72,] 0.0498345712
     [73,] 0.0902988414
     [74,] -0.0618800160
     [75,] 0.0605788082
     [76,] 0.5119553006
     [77,] 0.0616836792
     [78,] 0.3091110408
     [79,] 0.2834427968
     [80,] -0.0917430489
     [81,] -0.0086903222
     [82,] 0.2173295122
     [83,] -0.0433199717
     [84,] 0.0930795215
     [85,] 0.2705679246
     [86,] 0.0736000758
     [87,] 0.2572735114
     [88,] 0.3663859804
     [89,] 0.3157908768
     [90,] -0.0342110377
     [91,] 0.2489296103
     [92,] 0.1020158384
     [93,] 0.0870455672
     [94,] 0.2230460354
     [95,] -0.1118696656
     [96,] 0.2227892920
     [97,] 0.2214380976
     [98,] -0.1386545927
     [99,] 0.0121905628
    [100,] 0.2883502164
    [101,] -0.0714714775
    [102,] 0.0184113429
    [103,] -0.1267563652
    [104,] 0.0319211987
    [105,] -0.0931811966
    [106,] 0.0579736054
    [107,] 0.1297769048
    [108,] -0.0038558003
    [109,] 0.0920994407
    [110,] -0.1081765194
    [111,] -0.0623456267
    [112,] 0.1112987725
    [113,] 0.2313573647
    [114,] -0.0270629107
    [115,] 0.1618355410
    [116,] 0.1702203550
    [117,] 0.1362443725
    [118,] -0.2857663167
    [119,] 0.1977785705
    [120,] 0.1986122642
    [121,] 0.1015096658
    [122,] 0.1955812580
    [123,] -0.1152660671
    [124,] 0.0277712269
    [125,] -0.0177737233
    [126,] 0.1125462145
    [127,] 0.2894671384
    [128,] 0.0784083989
    [129,] 0.2774404243
    [130,] 0.3043916898
    [131,] 0.4080041285
    [132,] 0.2391210790
    [133,] 0.1238650674
    [134,] 0.1544401906
    [135,] 0.1491434434
    [136,] -0.0741100888
    [137,] 0.1570073619
    [138,] -0.1516570840
    [139,] 0.2044026720
    [140,] 0.0304224779
    [141,] 0.1154107137
    [142,] 0.2140859144
    [143,] 0.0933895785
    [144,] 0.1366820002
    [145,] 0.2327200042
    [146,] 0.1186414174
    [147,] 0.1336873142
    [148,] 0.0901599354
    [149,] -0.0200845495
    [150,] 0.1258861655
    [151,] 0.0142258925
    [152,] -0.0395401051
    [153,] -0.1276431702
    [154,] 0.0151979769
    [155,] 0.1907707458
    [156,] 0.1156265654
    [157,] 0.1509471123
    [158,] -0.0105558789
    [159,] 0.0091051474
    [160,] 0.1090898361
    [161,] 0.1588291993
    [162,] -0.1070223397
    [163,] 0.0298829829
    [164,] 0.2078458152
    [165,] 0.0788917912
    [166,] -0.0078244192
    [167,] 0.1632965092
    [168,] 0.2497166898
    [169,] 0.1529680417
    [170,] 0.0131133857
    [171,] 0.1157725053
    [172,] 0.0779693683
    [173,] 0.2533686843
    [174,] 0.0784848621
    [175,] 0.0391953597
    [176,] 0.2052886879
    [177,] 0.0443124906
    [178,] 0.0882066941
    [179,] 0.2267907650
    [180,] 0.2850082111
    [181,] 0.1884669397
    [182,] 0.0162964302
    [183,] -0.1339384755
    [184,] -0.0297098288
    [185,] 0.1558876113
    [186,] 0.1165178569
    [187,] 0.2124190539
    [188,] 0.0942101335
    [189,] 0.1261115887
    [190,] 0.0352607664
    [191,] 0.0476903411
    [192,] 0.0297190103
    [193,] 0.2323951084
    [194,] 0.0357227542
    [195,] 0.0402495635
    [196,] 0.1428067812
    [197,] 0.0063136310
    [198,] -0.0792162149
    [199,] 0.1525017279
    [200,] 0.1299906048
    
    [[2]]
    Markov Chain Monte Carlo (MCMC) output:
    Start = 10
    End = 2000
    Thinning interval = 10
     Sigma2[1,1] Sigma2[2,1] Sigma2[1,2] Sigma2[2,2] mu[1]
     [1,] 1.2842149 -0.233119997 -0.233119997 1.0604949 0.1476826585
     [2,] 0.5535700 -0.085940695 -0.085940695 1.1483122 0.0653255659
     [3,] 0.8832241 -0.056986732 -0.056986732 0.8407687 0.1404850723
     [4,] 0.6598186 -0.162818807 -0.162818807 0.8615822 -0.0409897701
     [5,] 0.6199197 -0.016162990 -0.016162990 0.9722652 0.1898255808
     [6,] 0.8236296 -0.002757204 -0.002757204 1.0272842 0.1613824463
     [7,] 1.0190398 -0.097126148 -0.097126148 1.0325708 0.1149561208
     [8,] 0.9822340 -0.227296022 -0.227296022 0.8734509 0.3657468751
     [9,] 0.5725150 0.013198239 0.013198239 1.0071961 0.3188844606
     [10,] 0.5396254 0.096903435 0.096903435 0.7628559 0.2139413787
     [11,] 0.9601536 -0.390876377 -0.390876377 0.8542123 0.0263331342
     [12,] 0.9295968 -0.098413428 -0.098413428 0.9001820 0.2494962318
     [13,] 0.6700479 -0.026074808 -0.026074808 1.3077348 0.1726968107
     [14,] 0.8586354 0.015590110 0.015590110 0.9302155 0.0525598560
     [15,] 0.7022183 -0.066294382 -0.066294382 0.7914837 -0.0197830367
     [16,] 0.9660950 -0.371400802 -0.371400802 0.9956521 0.5764353972
     [17,] 0.5784670 -0.039751545 -0.039751545 0.8757057 0.3042609895
     [18,] 0.8475240 -0.077291741 -0.077291741 0.7809521 -0.1101922087
     [19,] 1.1121600 0.068338357 0.068338357 0.8664730 0.2713656945
     [20,] 0.6596753 0.114862528 0.114862528 1.0595720 0.2692991824
     [21,] 0.8261888 0.167962445 0.167962445 0.8266757 -0.1042824228
     [22,] 0.7320470 -0.138268153 -0.138268153 1.1660258 0.1305331973
     [23,] 0.8666431 -0.278435392 -0.278435392 1.2085939 0.1454975208
     [24,] 0.6614200 -0.084792760 -0.084792760 0.9156004 0.0910404908
     [25,] 0.8275619 -0.008044467 -0.008044467 1.1418435 -0.0588651469
     [26,] 0.6298265 -0.043093240 -0.043093240 0.6653840 0.0415647741
     [27,] 0.8749040 -0.040448338 -0.040448338 0.8273503 -0.0296291424
     [28,] 0.8364633 -0.083700115 -0.083700115 0.8241745 0.0500108702
     [29,] 0.6396420 -0.125891044 -0.125891044 1.0410679 0.1691143397
     [30,] 0.9222312 0.019839066 0.019839066 0.7085570 -0.0099860662
     [31,] 0.6268779 -0.027088069 -0.027088069 0.9048504 0.0247191830
     [32,] 0.7261282 0.033581532 0.033581532 0.7782958 0.1346570851
     [33,] 0.8209726 -0.171275395 -0.171275395 0.8623941 0.0711411630
     [34,] 0.5807287 -0.035387970 -0.035387970 0.9541832 0.0606091147
     [35,] 0.4798997 -0.056720907 -0.056720907 0.9414226 -0.0158890431
     [36,] 0.6252999 0.131474549 0.131474549 1.1847255 0.0387719803
     [37,] 0.5582552 -0.065368711 -0.065368711 0.9743871 0.3256785361
     [38,] 0.6802468 0.023829139 0.023829139 0.5946947 0.0457340680
     [39,] 0.6968343 -0.200899348 -0.200899348 1.0013012 0.1655018089
     [40,] 0.8629439 -0.227702534 -0.227702534 1.0148866 0.0597462640
     [41,] 0.9246543 -0.029924238 -0.029924238 0.8156694 0.2521770653
     [42,] 0.6505351 -0.179202335 -0.179202335 0.7684016 -0.1010621101
     [43,] 0.7528605 -0.056365314 -0.056365314 0.8345229 0.0624042428
     [44,] 0.5528001 -0.068744217 -0.068744217 0.9518188 0.0974761773
     [45,] 0.7058439 -0.143377284 -0.143377284 0.7060818 0.2334091503
     [46,] 0.5913740 -0.061603103 -0.061603103 0.9661328 0.0214917096
     [47,] 0.8960619 0.019858467 0.019858467 0.8572793 0.3946226126
     [48,] 0.6200973 -0.092426787 -0.092426787 0.8153354 0.1702675389
     [49,] 0.5882375 0.023254456 0.023254456 0.7881752 0.0727393711
     [50,] 0.7205036 -0.280331718 -0.280331718 1.5672525 0.0257419299
     [51,] 0.7507926 -0.217732201 -0.217732201 1.4989048 0.0663241964
     [52,] 0.8351528 -0.060632124 -0.060632124 1.2394938 0.1204681706
     [53,] 0.7405908 0.039606085 0.039606085 0.9205311 0.2232902015
     [54,] 0.9059542 0.230149497 0.230149497 1.2189221 0.3058031239
     [55,] 0.8404677 -0.082435563 -0.082435563 1.8047965 -0.0140952846
     [56,] 0.8790928 0.034598440 0.034598440 1.0006801 0.1242822758
     [57,] 0.6197470 -0.049091807 -0.049091807 1.0178210 0.0233264006
     [58,] 0.8292011 0.100121442 0.100121442 1.6170057 0.0657947328
     [59,] 0.7784731 0.065303100 0.065303100 1.0648520 0.1976339802
     [60,] 0.6840942 -0.093938626 -0.093938626 0.8963325 -0.1410619806
     [61,] 0.5639706 0.011427684 0.011427684 1.0799322 0.2143735010
     [62,] 0.9063934 -0.062660002 -0.062660002 0.9474290 0.1098514052
     [63,] 0.6498101 0.081051675 0.081051675 1.0381922 -0.0043773497
     [64,] 0.6236648 -0.042779067 -0.042779067 0.9483652 -0.0296445593
     [65,] 1.0608841 -0.107464653 -0.107464653 0.9567989 0.3414303885
     [66,] 0.6274415 0.017595452 0.017595452 1.0846621 0.0777295475
     [67,] 0.8211323 -0.211049117 -0.211049117 0.7819886 -0.0111810088
     [68,] 0.6731474 -0.233435155 -0.233435155 0.9346668 0.0217872682
     [69,] 0.6443981 0.106046061 0.106046061 0.9364107 0.0650866961
     [70,] 1.1506312 -0.016418579 -0.016418579 0.9253002 0.1650579429
     [71,] 0.5767293 -0.033583357 -0.033583357 0.8127392 0.2076587685
     [72,] 0.5904412 0.020336607 0.020336607 0.6606861 0.3322979506
     [73,] 0.6965170 -0.103445207 -0.103445207 1.4035441 -0.1243624477
     [74,] 0.7481294 0.019291466 0.019291466 0.9556858 0.2761452211
     [75,] 0.7022711 -0.083461471 -0.083461471 1.0048861 0.3043753634
     [76,] 0.7979171 -0.102842451 -0.102842451 0.7641188 0.1616371155
     [77,] 0.7804726 -0.023822266 -0.023822266 0.6367088 -0.0174942148
     [78,] 1.1102091 0.045087295 0.045087295 1.1208347 -0.0180080392
     [79,] 0.6966873 -0.026392944 -0.026392944 0.7434866 -0.0332546512
     [80,] 0.9798436 0.094792815 0.094792815 0.7035033 0.1409157322
     [81,] 1.0596130 -0.424646380 -0.424646380 1.2010528 -0.0217583747
     [82,] 0.4996689 -0.055571117 -0.055571117 0.6450067 0.0096833596
     [83,] 0.6803621 -0.168074912 -0.168074912 0.9283786 -0.0419925988
     [84,] 0.8409742 0.008792109 0.008792109 0.7420077 0.0504833138
     [85,] 0.6475203 0.011855986 0.011855986 0.8667905 -0.0945622882
     [86,] 0.5902343 0.062954682 0.062954682 0.7711483 0.2362876827
     [87,] 0.7302734 0.024486236 0.024486236 1.2733396 0.2945671065
     [88,] 1.2399810 0.199096089 0.199096089 0.9135931 0.1878044254
     [89,] 0.6608389 -0.049966510 -0.049966510 0.9541579 0.3039793762
     [90,] 0.7453158 -0.028804234 -0.028804234 0.9549034 -0.0910874337
     [91,] 0.8460844 -0.207864260 -0.207864260 0.6612490 0.1602773523
     [92,] 0.6223155 -0.014475896 -0.014475896 0.7375550 -0.0202276330
     [93,] 0.7098638 -0.071270037 -0.071270037 1.0680184 0.1103193778
     [94,] 0.6788632 0.040026190 0.040026190 0.8502150 0.2041165645
     [95,] 0.6550548 -0.002146388 -0.002146388 1.4060257 0.1816305459
     [96,] 0.7497159 -0.249702469 -0.249702469 0.9894934 0.0695523462
     [97,] 0.4754851 -0.140936964 -0.140936964 0.8833160 0.1687315432
     [98,] 0.6526237 0.215079023 0.215079023 0.8509599 0.1323954358
     [99,] 0.9224012 -0.058689745 -0.058689745 0.8738660 0.2120265283
    [100,] 0.7453562 0.001892779 0.001892779 0.5789255 0.0948706123
    [101,] 0.4224170 -0.104437123 -0.104437123 1.0635260 -0.0570167786
    [102,] 1.1470407 -0.008652995 -0.008652995 0.9117480 0.1265500790
    [103,] 0.8350957 0.019605541 0.019605541 0.7955462 0.1077005407
    [104,] 0.5834393 -0.157620772 -0.157620772 0.9669209 0.0260513451
    [105,] 0.6255427 0.120077611 0.120077611 1.2197686 0.0002745995
    [106,] 0.7609747 -0.125896963 -0.125896963 1.2028544 0.1873879682
    [107,] 0.6540548 -0.094949494 -0.094949494 0.7655475 0.1220469701
    [108,] 1.2957938 -0.030676748 -0.030676748 1.0494271 0.3805460638
    [109,] 0.7700044 -0.032227061 -0.032227061 1.0632300 -0.1280015567
    [110,] 0.8986570 -0.156085952 -0.156085952 1.0671355 0.0263596597
    [111,] 0.6985223 0.002616112 0.002616112 0.7908102 0.1910223869
    [112,] 0.7197409 -0.134595573 -0.134595573 1.0845048 0.0145901917
    [113,] 0.6128032 -0.213864522 -0.213864522 1.0646198 -0.0278915518
    [114,] 0.6651357 -0.186826788 -0.186826788 1.1545213 0.1571333747
    [115,] 0.6252850 0.107219087 0.107219087 0.8102043 0.1330606100
    [116,] 0.7280054 -0.069701903 -0.069701903 0.7476532 0.0704951897
    [117,] 0.5055582 0.040824561 0.040824561 0.8700633 0.0767266854
    [118,] 0.6947414 -0.250309115 -0.250309115 1.2810653 0.3031635988
    [119,] 0.4877510 -0.026931008 -0.026931008 1.0329891 0.1089139576
    [120,] 0.8464624 -0.084750912 -0.084750912 1.1544345 -0.0360811609
    [121,] 0.5900145 -0.040866929 -0.040866929 0.9713522 -0.0725465222
    [122,] 0.8337075 0.025832330 0.025832330 0.8551902 0.0711592350
    [123,] 0.6631603 0.044923753 0.044923753 1.2754969 0.1280660137
    [124,] 0.7954242 0.079783994 0.079783994 0.8462108 0.0867950378
    [125,] 0.7945868 0.029963284 0.029963284 0.8304715 -0.0028695043
    [126,] 0.8300001 0.175518023 0.175518023 0.9830835 -0.2277934108
    [127,] 0.7743512 -0.030855758 -0.030855758 1.0479554 0.0680635536
    [128,] 0.4371911 0.118086408 0.118086408 0.8789234 0.1174519003
    [129,] 0.5774400 0.056953403 0.056953403 1.1806371 0.1164747669
    [130,] 0.7542590 -0.006715387 -0.006715387 1.2564663 0.1098306320
    [131,] 0.6921979 0.092005762 0.092005762 1.1616853 0.1361216502
    [132,] 0.9454397 -0.077215689 -0.077215689 0.8237631 0.1404705565
    [133,] 0.7801513 -0.159463780 -0.159463780 0.7654722 0.1493969030
    [134,] 0.5164647 -0.018262061 -0.018262061 0.8238757 -0.0003883129
    [135,] 0.7643467 -0.126251483 -0.126251483 0.9177880 0.0065910279
    [136,] 0.8407105 -0.015327126 -0.015327126 0.7650965 0.1785339259
    [137,] 0.7809705 -0.056838482 -0.056838482 1.5304389 0.0954144681
    [138,] 0.6677708 0.043076116 0.043076116 1.1166497 0.1015865321
    [139,] 0.7553444 0.078665355 0.078665355 0.7858995 0.0417641213
    [140,] 0.7517372 0.079890392 0.079890392 1.1649213 0.2158267392
    [141,] 0.7702487 0.145039423 0.145039423 0.8698386 -0.0135618417
    [142,] 0.5686383 -0.075698500 -0.075698500 0.9538113 0.1520448557
    [143,] 0.8513415 -0.120359314 -0.120359314 0.9266986 0.3809892147
    [144,] 0.7652307 0.128888007 0.128888007 0.9967310 0.0094401631
    [145,] 0.7184767 0.051062325 0.051062325 0.7348280 -0.0604463329
    [146,] 0.6905317 -0.306936543 -0.306936543 1.6363815 0.2468877957
    [147,] 0.8348987 -0.198852012 -0.198852012 1.0323664 0.2115620950
    [148,] 0.6841691 0.117172664 0.117172664 0.7500546 0.0731736720
    [149,] 0.8994395 -0.162400591 -0.162400591 0.9835269 0.0355171522
    [150,] 0.5985219 0.023409076 0.023409076 0.8356143 0.2912265599
    [151,] 0.6452885 -0.055651777 -0.055651777 0.8016928 -0.0245124615
    [152,] 0.7709272 0.079241514 0.079241514 0.8322359 0.0589353311
    [153,] 0.7903543 -0.014149614 -0.014149614 0.8963437 0.0476325024
    [154,] 0.4664550 0.061668723 0.061668723 1.0810102 0.1115701902
    [155,] 0.6895727 -0.079855971 -0.079855971 0.6628188 -0.1268253492
    [156,] 0.6850811 -0.040422218 -0.040422218 0.7165311 0.1260085045
    [157,] 0.5591649 -0.062453802 -0.062453802 0.8855497 0.1068065775
    [158,] 0.4981066 -0.101069601 -0.101069601 1.2644688 0.1731995948
    [159,] 0.6236844 0.083446217 0.083446217 0.9051147 0.0298332624
    [160,] 0.6741292 -0.154504495 -0.154504495 0.9764618 0.0202752609
    [161,] 0.6649736 -0.091761311 -0.091761311 0.7549748 0.0380172372
    [162,] 0.7040533 0.017629658 0.017629658 1.0633196 0.1254555525
    [163,] 0.5999190 -0.006052849 -0.006052849 0.5969687 0.0987311637
    [164,] 0.8141406 -0.115193176 -0.115193176 0.8730782 -0.0998553132
    [165,] 0.7907286 0.055865277 0.055865277 0.7357319 0.1078704904
    [166,] 0.6614459 -0.004429294 -0.004429294 0.8919764 0.3188524650
    [167,] 0.6833003 -0.001184386 -0.001184386 1.0270482 0.0946540335
    [168,] 0.5277571 0.033060527 0.033060527 0.7716491 0.0797620864
    [169,] 0.8140495 0.116342910 0.116342910 1.0908612 0.0926448276
    [170,] 0.8446169 -0.134338136 -0.134338136 0.9483752 -0.0009554806
    [171,] 0.7117182 0.093917198 0.093917198 1.4299832 0.2545937487
    [172,] 0.6936842 0.010650822 0.010650822 0.7890901 0.1999163968
    [173,] 0.7506140 0.032814403 0.032814403 1.1156986 -0.0430251086
    [174,] 0.5685760 -0.143108192 -0.143108192 1.1245565 0.0707354397
    [175,] 0.6431299 0.004071830 0.004071830 0.7469235 -0.0059302351
    [176,] 0.6664083 -0.083971161 -0.083971161 1.1000330 0.0209902044
    [177,] 0.6667794 0.125866353 0.125866353 1.2008109 0.0326279821
    [178,] 1.0157620 -0.224376374 -0.224376374 0.9289038 -0.0467952542
    [179,] 0.7065754 -0.029809432 -0.029809432 0.6300574 0.1591967428
    [180,] 0.8325978 0.062418900 0.062418900 0.9845484 0.0770064027
    [181,] 0.9115349 -0.005052514 -0.005052514 0.9261558 0.1278231898
    [182,] 0.7642318 0.141964461 0.141964461 1.6520067 -0.0248013072
    [183,] 0.6447593 0.028116436 0.028116436 0.8761851 -0.0383507417
    [184,] 0.8612415 -0.199489641 -0.199489641 0.9488535 0.0850739805
    [185,] 0.8645317 0.009220883 0.009220883 0.7025607 -0.1213240953
    [186,] 0.6506558 -0.001255111 -0.001255111 0.9704912 0.2080376568
    [187,] 0.7289958 -0.006653230 -0.006653230 0.9660633 0.2199236821
    [188,] 0.9581873 0.070148604 0.070148604 0.6222692 0.0318699762
    [189,] 0.8424348 -0.147122264 -0.147122264 0.9488914 0.4209148612
    [190,] 0.6782392 0.007188388 0.007188388 0.8161442 -0.0887393024
    [191,] 0.7001799 0.088882546 0.088882546 1.0788231 -0.1592999796
    [192,] 0.6551133 0.038538707 0.038538707 0.7351965 0.4562215522
    [193,] 0.6233918 0.164156210 0.164156210 1.0879921 0.1170397320
    [194,] 0.7447122 -0.069074594 -0.069074594 1.0282950 0.1106197901
    [195,] 0.6753908 -0.149723196 -0.149723196 0.9670261 0.2011284911
    [196,] 0.5979989 0.021207938 0.021207938 0.6495670 -0.0587045702
    [197,] 0.7336118 0.046109924 0.046109924 1.0056939 0.0533823337
    [198,] 0.3801103 -0.139066838 -0.139066838 1.1127526 -0.1236607198
    [199,] 0.7631082 -0.012753372 -0.012753372 0.8470199 0.1804102291
    [200,] 0.5728350 -0.018233686 -0.018233686 0.7400985 0.2367541042
     mu[2]
     [1,] 0.0695060147
     [2,] 0.1504323178
     [3,] -0.1338562371
     [4,] 0.2762497124
     [5,] 0.0733415275
     [6,] 0.0718337757
     [7,] -0.0852607276
     [8,] -0.0364263631
     [9,] 0.0618945752
     [10,] 0.3420203123
     [11,] 0.0687258258
     [12,] 0.1197193421
     [13,] 0.2428647062
     [14,] 0.1754648901
     [15,] 0.1973890059
     [16,] 0.0450398214
     [17,] 0.0953628420
     [18,] 0.1247644907
     [19,] 0.3232191705
     [20,] 0.0821980431
     [21,] 0.2042556823
     [22,] -0.0254221056
     [23,] 0.2568200602
     [24,] 0.1331078692
     [25,] -0.2857396933
     [26,] 0.1655708144
     [27,] 0.1171494765
     [28,] -0.0933844025
     [29,] 0.0930317979
     [30,] 0.1966099946
     [31,] 0.1954075133
     [32,] 0.1488085521
     [33,] -0.0520580281
     [34,] 0.0338266154
     [35,] 0.0298973147
     [36,] 0.2036294082
     [37,] 0.1544779279
     [38,] 0.0213164836
     [39,] -0.0015093121
     [40,] 0.1891062316
     [41,] -0.0550982363
     [42,] 0.2049679761
     [43,] 0.4563174751
     [44,] 0.0306734945
     [45,] 0.3247248502
     [46,] -0.0970899372
     [47,] 0.3663284754
     [48,] 0.1108287392
     [49,] 0.3068124186
     [50,] -0.0119876820
     [51,] 0.2445352802
     [52,] 0.1494609025
     [53,] 0.0326318615
     [54,] 0.0260318397
     [55,] 0.7494972720
     [56,] 0.1146408881
     [57,] 0.3018213028
     [58,] -0.0437253989
     [59,] 0.0735399605
     [60,] -0.0239383530
     [61,] 0.0473358665
     [62,] 0.2995047706
     [63,] 0.0471685465
     [64,] 0.4402768412
     [65,] 0.3660941881
     [66,] -0.0155271320
     [67,] 0.1708472328
     [68,] 0.1851846745
     [69,] 0.0221706196
     [70,] 0.2801620573
     [71,] 0.1300180754
     [72,] 0.0982165408
     [73,] 0.2462647550
     [74,] -0.2471775226
     [75,] 0.0425099412
     [76,] -0.1376150899
     [77,] 0.1846619685
     [78,] -0.0502826937
     [79,] -0.0617138130
     [80,] 0.2357908691
     [81,] 0.2110659283
     [82,] 0.1265110051
     [83,] 0.0998100508
     [84,] -0.0208844179
     [85,] 0.0018123630
     [86,] 0.1821497246
     [87,] 0.0461058566
     [88,] 0.3410998554
     [89,] 0.0846939840
     [90,] 0.0791404344
     [91,] 0.0094083209
     [92,] 0.1984123292
     [93,] 0.4102833704
     [94,] 0.0295600600
     [95,] 0.1589185726
     [96,] -0.1025181979
     [97,] -0.0502086313
     [98,] 0.2505383000
     [99,] 0.1895551893
    [100,] 0.1906189918
    [101,] 0.2454504228
    [102,] 0.3694282918
    [103,] -0.0311827461
    [104,] 0.3471385466
    [105,] 0.0509615199
    [106,] 0.1569703912
    [107,] 0.0521331154
    [108,] -0.0263431195
    [109,] 0.3477499320
    [110,] 0.0361720841
    [111,] 0.3615214610
    [112,] -0.0696703067
    [113,] 0.2773167545
    [114,] -0.0346966918
    [115,] 0.0197936483
    [116,] 0.1419927692
    [117,] 0.1152416808
    [118,] 0.1751114530
    [119,] 0.0383378063
    [120,] -0.1815436263
    [121,] 0.2392611971
    [122,] 0.1430017549
    [123,] 0.2684695759
    [124,] -0.1495163977
    [125,] 0.0893295055
    [126,] 0.0210493983
    [127,] 0.4455443441
    [128,] -0.2144366131
    [129,] 0.1471604923
    [130,] 0.1049531054
    [131,] 0.2082012976
    [132,] 0.0285140872
    [133,] 0.1778648861
    [134,] 0.1751162527
    [135,] 0.3635042719
    [136,] 0.0685858942
    [137,] 0.1060061885
    [138,] 0.1665637275
    [139,] 0.2213775200
    [140,] -0.0657266553
    [141,] 0.0715951970
    [142,] 0.2972809757
    [143,] 0.1766064188
    [144,] 0.2437611475
    [145,] 0.1120162946
    [146,] -0.1882456228
    [147,] 0.2276562762
    [148,] 0.1277109796
    [149,] -0.0003646003
    [150,] 0.0950701126
    [151,] 0.0217209516
    [152,] -0.0497527062
    [153,] 0.1663580034
    [154,] 0.3502500827
    [155,] 0.0356199870
    [156,] 0.2310220936
    [157,] 0.0894616964
    [158,] 0.1840948761
    [159,] 0.1827677860
    [160,] -0.0284515397
    [161,] 0.0208224236
    [162,] 0.4161117692
    [163,] 0.0629684760
    [164,] 0.2557857484
    [165,] -0.0578118031
    [166,] 0.1018500880
    [167,] -0.0618653068
    [168,] 0.1513243755
    [169,] 0.2272713460
    [170,] 0.1363440600
    [171,] -0.0008468520
    [172,] 0.1689612025
    [173,] 0.1613963293
    [174,] 0.2178668150
    [175,] -0.0415467775
    [176,] 0.3421395313
    [177,] 0.1222382652
    [178,] 0.1345310012
    [179,] 0.2022480170
    [180,] 0.2081851665
    [181,] 0.2946114890
    [182,] 0.2013435228
    [183,] 0.0935687804
    [184,] 0.3585016211
    [185,] 0.0779626601
    [186,] 0.1285128372
    [187,] 0.1883491502
    [188,] 0.0156729846
    [189,] 0.0765679896
    [190,] 0.2442214980
    [191,] 0.0433932685
    [192,] 0.1552834897
    [193,] 0.1623441458
    [194,] 0.3088770314
    [195,] 0.1327725481
    [196,] 0.0446380809
    [197,] 0.3111255142
    [198,] 0.3407701815
    [199,] 0.2729515012
    [200,] 0.0835347350
    
    attr(,"class")
    [1] "mcmc.list"
    >
    >
    >
    >
    > base::assign(".dptime", (proc.time() - get(".ptime", pos = "CheckExEnv")), pos = "CheckExEnv")
    > base::cat("fitEllipse", base::get(".format_ptime", pos = 'CheckExEnv')(get(".dptime", pos = "CheckExEnv")), "\n", file=base::get(".ExTimings", pos = 'CheckExEnv'), append=TRUE, sep="\t")
    > cleanEx()
    Error: connections left open:
     modelstring (textConnection)
    Execution halted
Flavor: r-devel-linux-x86_64-debian-clang

Version: 2.1.3
Check: dependencies in R code
Result: NOTE
    Namespaces in Imports field not imported from:
     ‘dplyr’ ‘ggplot2’ ‘viridis’
     All declared Imports should be used.
Flavors: r-devel-linux-x86_64-fedora-clang, r-devel-linux-x86_64-fedora-gcc, r-patched-solaris-x86, r-release-osx-x86_64, r-oldrel-osx-x86_64