CRAN Package Check Results for Package SWMPrExtension

Last updated on 2018-07-17 01:47:26 CEST.

Flavor Version Tinstall Tcheck Ttotal Status Flags
r-devel-linux-x86_64-debian-clang 0.3.16 17.36 129.87 147.23 OK
r-devel-linux-x86_64-debian-gcc 0.3.16 15.81 115.92 131.73 OK
r-devel-linux-x86_64-fedora-clang 0.3.16 188.61 NOTE
r-devel-linux-x86_64-fedora-gcc 0.3.16 186.80 NOTE
r-devel-windows-ix86+x86_64 0.3.16 44.00 164.00 208.00 OK
r-patched-linux-x86_64 0.3.16 14.39 126.54 140.93 OK
r-patched-solaris-x86 0.3.16 304.10 NOTE
r-release-linux-x86_64 0.3.16 16.83 128.02 144.85 OK
r-release-windows-ix86+x86_64 0.3.16 45.00 216.00 261.00 OK
r-release-osx-x86_64 0.3.16 NOTE
r-oldrel-windows-ix86+x86_64 0.3.16 28.00 158.00 186.00 OK
r-oldrel-osx-x86_64 0.3.16 NOTE

Check Details

Version: 0.3.16
Check: dependencies in R code
Result: NOTE
    Namespace in Imports field not imported from: ‘rgeos’
     All declared Imports should be used.
Flavors: r-devel-linux-x86_64-fedora-clang, r-devel-linux-x86_64-fedora-gcc, r-patched-solaris-x86, r-release-osx-x86_64, r-oldrel-osx-x86_64