Last updated on 2018-07-17 01:47:23 CEST.
Flavor | Version | Tinstall | Tcheck | Ttotal | Status | Flags |
---|---|---|---|---|---|---|
r-devel-linux-x86_64-debian-clang | 1.0.1 | 1.80 | 44.27 | 46.07 | OK | |
r-devel-linux-x86_64-debian-gcc | 1.0.1 | 1.50 | 37.26 | 38.76 | OK | |
r-devel-linux-x86_64-fedora-clang | 1.0.1 | 54.18 | OK | |||
r-devel-linux-x86_64-fedora-gcc | 1.0.1 | 54.54 | OK | |||
r-devel-windows-ix86+x86_64 | 1.0.1 | 5.00 | 55.00 | 60.00 | OK | |
r-patched-linux-x86_64 | 1.0.1 | 1.75 | 44.07 | 45.82 | OK | |
r-patched-solaris-x86 | 1.0.1 | 86.90 | OK | |||
r-release-linux-x86_64 | 1.0.1 | 1.76 | 43.29 | 45.05 | OK | |
r-release-windows-ix86+x86_64 | 1.0.1 | 4.00 | 76.00 | 80.00 | OK | |
r-release-osx-x86_64 | 1.0.1 | OK | ||||
r-oldrel-windows-ix86+x86_64 | 1.0.1 | 2.00 | 52.00 | 54.00 | OK | |
r-oldrel-osx-x86_64 | 1.0.1 | NOTE |
Version: 1.0.1
Check: re-building of vignette outputs
Result: NOTE
Error in re-building vignettes:
...
Attaching package: ‘Ecfun’
The following object is masked from ‘package:base’:
sign
Attaching package: ‘Ecdat’
The following object is masked from ‘package:datasets’:
Orange
Error in texi2dvi(file = file, pdf = TRUE, clean = clean, quiet = quiet, :
Running 'texi2dvi' on 'SeleMix-vignette.tex' failed.
BibTeX errors:
The top-level auxiliary file: SeleMix-vignette.aux
I couldn't open style file chicago.bst
---line 30 of file SeleMix-vignette.aux
: \bibstyle{chicago
: }
I'm skipping whatever remains of this command
I found no style file---while reading file SeleMix-vignette.aux
Calls: buildVignettes -> texi2pdf -> texi2dvi
Execution halted
Flavor: r-oldrel-osx-x86_64