Last updated on 2018-07-17 01:47:23 CEST.
Flavor | Version | Tinstall | Tcheck | Ttotal | Status | Flags |
---|---|---|---|---|---|---|
r-devel-linux-x86_64-debian-clang | 0.1.1 | 3.89 | 50.03 | 53.92 | OK | |
r-devel-linux-x86_64-debian-gcc | 0.1.1 | 3.05 | 41.31 | 44.36 | OK | |
r-devel-linux-x86_64-fedora-clang | 0.1.1 | 64.41 | NOTE | |||
r-devel-linux-x86_64-fedora-gcc | 0.1.1 | 63.05 | NOTE | |||
r-devel-windows-ix86+x86_64 | 0.1.1 | 16.00 | 85.00 | 101.00 | OK | |
r-patched-linux-x86_64 | 0.1.1 | 3.80 | 48.49 | 52.29 | OK | |
r-patched-solaris-x86 | 0.1.1 | 93.60 | NOTE | |||
r-release-linux-x86_64 | 0.1.1 | 3.43 | 48.44 | 51.87 | OK | |
r-release-windows-ix86+x86_64 | 0.1.1 | 13.00 | 84.00 | 97.00 | OK | |
r-release-osx-x86_64 | 0.1.1 | NOTE | ||||
r-oldrel-windows-ix86+x86_64 | 0.1.1 | 9.00 | 61.00 | 70.00 | OK | |
r-oldrel-osx-x86_64 | 0.1.1 | NOTE |
Version: 0.1.1
Check: dependencies in R code
Result: NOTE
Namespaces in Imports field not imported from:
‘RColorBrewer’ ‘purrr’ ‘tm’
All declared Imports should be used.
Flavors: r-devel-linux-x86_64-fedora-clang, r-devel-linux-x86_64-fedora-gcc, r-patched-solaris-x86, r-release-osx-x86_64, r-oldrel-osx-x86_64