Last updated on 2018-07-17 01:47:23 CEST.
Flavor | Version | Tinstall | Tcheck | Ttotal | Status | Flags |
---|---|---|---|---|---|---|
r-devel-linux-x86_64-debian-clang | 0.6 | 11.88 | 186.44 | 198.32 | WARN | |
r-devel-linux-x86_64-debian-gcc | 0.6 | 10.14 | 161.15 | 171.29 | WARN | |
r-devel-linux-x86_64-fedora-clang | 0.6 | 250.73 | WARN | |||
r-devel-linux-x86_64-fedora-gcc | 0.6 | 246.08 | WARN | |||
r-devel-windows-ix86+x86_64 | 0.6 | 31.00 | 199.00 | 230.00 | WARN | |
r-patched-linux-x86_64 | 0.6 | 8.71 | 179.28 | 187.99 | OK | |
r-patched-solaris-x86 | 0.6 | 334.70 | OK | |||
r-release-linux-x86_64 | 0.6 | 8.89 | 178.72 | 187.61 | OK | |
r-release-windows-ix86+x86_64 | 0.6 | 27.00 | 249.00 | 276.00 | OK | |
r-release-osx-x86_64 | 0.6 | OK | ||||
r-oldrel-windows-ix86+x86_64 | 0.6 | 18.00 | 185.00 | 203.00 | OK | |
r-oldrel-osx-x86_64 | 0.6 | OK |
Version: 0.6
Check: for unstated dependencies in ‘tests’
Result: WARN
'library' or 'require' call not declared from: ‘data.table’
Flavors: r-devel-linux-x86_64-debian-clang, r-devel-linux-x86_64-debian-gcc, r-devel-linux-x86_64-fedora-clang, r-devel-linux-x86_64-fedora-gcc, r-devel-windows-ix86+x86_64