CRAN Package Check Results for Package SimilaR

Last updated on 2018-07-17 01:47:23 CEST.

Flavor Version Tinstall Tcheck Ttotal Status Flags
r-devel-linux-x86_64-debian-clang 1.0.2 76.48 25.13 101.61 OK
r-devel-linux-x86_64-debian-gcc 1.0.2 67.60 21.66 89.26 OK
r-devel-linux-x86_64-fedora-clang 1.0.2 155.87 NOTE
r-devel-linux-x86_64-fedora-gcc 1.0.2 149.82 OK
r-devel-windows-ix86+x86_64 1.0.2 260.00 63.00 323.00 OK
r-patched-linux-x86_64 1.0.2 81.86 25.37 107.23 OK
r-patched-solaris-x86 1.0.2 152.90 OK
r-release-linux-x86_64 1.0.2 82.11 24.97 107.08 OK
r-release-windows-ix86+x86_64 1.0.2 257.00 78.00 335.00 OK
r-release-osx-x86_64 1.0.2 OK
r-oldrel-windows-ix86+x86_64 1.0.2 186.00 74.00 260.00 OK
r-oldrel-osx-x86_64 1.0.2 OK

Additional issues

gcc-UBSAN

Check Details

Version: 1.0.2
Check: installed package size
Result: NOTE
     installed size is 5.9Mb
     sub-directories of 1Mb or more:
     libs 5.6Mb
Flavor: r-devel-linux-x86_64-fedora-clang