CRAN Package Check Results for Package SnowballC

Last updated on 2018-07-17 01:47:24 CEST.

Flavor Version Tinstall Tcheck Ttotal Status Flags
r-devel-linux-x86_64-debian-clang 0.5.1 7.06 17.89 24.95 NOTE
r-devel-linux-x86_64-debian-gcc 0.5.1 4.59 15.57 20.16 NOTE
r-devel-linux-x86_64-fedora-clang 0.5.1 30.61 NOTE
r-devel-linux-x86_64-fedora-gcc 0.5.1 28.40 NOTE
r-devel-windows-ix86+x86_64 0.5.1 40.00 40.00 80.00 OK
r-patched-linux-x86_64 0.5.1 5.66 18.40 24.06 NOTE
r-patched-solaris-x86 0.5.1 54.70 OK
r-release-linux-x86_64 0.5.1 5.57 18.54 24.11 NOTE
r-release-windows-ix86+x86_64 0.5.1 37.00 38.00 75.00 OK
r-release-osx-x86_64 0.5.1 OK
r-oldrel-windows-ix86+x86_64 0.5.1 28.00 33.00 61.00 OK
r-oldrel-osx-x86_64 0.5.1 OK

Check Details

Version: 0.5.1
Check: compiled code
Result: NOTE
    File ‘SnowballC/libs/SnowballC.so’:
     Found no calls to: ‘R_registerRoutines’, ‘R_useDynamicSymbols’
    
    It is good practice to register native routines and to disable symbol
    search.
    
    See ‘Writing portable packages’ in the ‘Writing R Extensions’ manual.
Flavors: r-devel-linux-x86_64-debian-clang, r-devel-linux-x86_64-debian-gcc, r-devel-linux-x86_64-fedora-clang, r-devel-linux-x86_64-fedora-gcc, r-patched-linux-x86_64, r-release-linux-x86_64