CRAN Package Check Results for Package SubgrPlots

Last updated on 2018-07-17 01:47:26 CEST.

Flavor Version Tinstall Tcheck Ttotal Status Flags
r-devel-linux-x86_64-debian-clang 0.1.0 22.36 134.20 156.56 OK
r-devel-linux-x86_64-debian-gcc 0.1.0 19.46 110.96 130.42 OK
r-devel-linux-x86_64-fedora-clang 0.1.0 194.08 NOTE
r-devel-linux-x86_64-fedora-gcc 0.1.0 189.67 NOTE
r-devel-windows-ix86+x86_64 0.1.0 43.00 126.00 169.00 OK
r-patched-linux-x86_64 0.1.0 21.43 131.10 152.53 OK
r-patched-solaris-x86 0.1.0 221.90 NOTE
r-release-linux-x86_64 0.1.0 23.10 130.72 153.82 OK
r-release-windows-ix86+x86_64 0.1.0 43.00 178.00 221.00 OK
r-release-osx-x86_64 0.1.0 NOTE
r-oldrel-windows-ix86+x86_64 0.1.0 12.00 127.00 139.00 OK
r-oldrel-osx-x86_64 0.1.0 NOTE

Check Details

Version: 0.1.0
Check: dependencies in R code
Result: NOTE
    Namespaces in Imports field not imported from:
     ‘UpSetR’ ‘alluvial’ ‘geoR’ ‘gridBase’
     All declared Imports should be used.
Flavors: r-devel-linux-x86_64-fedora-clang, r-devel-linux-x86_64-fedora-gcc, r-patched-solaris-x86, r-release-osx-x86_64, r-oldrel-osx-x86_64