CRAN Package Check Results for Package TTR

Last updated on 2018-07-17 01:47:28 CEST.

Flavor Version Tinstall Tcheck Ttotal Status Flags
r-devel-linux-x86_64-debian-clang 0.23-3 6.01 37.21 43.22 OK
r-devel-linux-x86_64-debian-gcc 0.23-3 4.58 32.50 37.08 OK
r-devel-linux-x86_64-fedora-clang 0.23-3 54.96 OK
r-devel-linux-x86_64-fedora-gcc 0.23-3 51.69 OK
r-devel-windows-ix86+x86_64 0.23-3 25.00 135.00 160.00 ERROR
r-patched-linux-x86_64 0.23-3 5.54 39.23 44.77 OK
r-patched-solaris-x86 0.23-3 83.10 OK
r-release-linux-x86_64 0.23-3 6.33 39.30 45.63 OK
r-release-windows-ix86+x86_64 0.23-3 29.00 155.00 184.00 ERROR
r-release-osx-x86_64 0.23-3 OK
r-oldrel-windows-ix86+x86_64 0.23-3 16.00 160.00 176.00 ERROR
r-oldrel-osx-x86_64 0.23-3 OK

Check Details

Version: 0.23-3
Check: running examples for arch ‘i386’
Result: ERROR
    Running examples in 'TTR-Ex.R' failed
    The error most likely occurred in:
    
    > ### Name: TTR
    > ### Title: Functions to create Technical Trading Rules (TTR)
    > ### Aliases: TTR TTR-package
    > ### Keywords: package
    >
    > ### ** Examples
    >
    >
    > data(ttrc)
    >
    > # Bollinger Bands
    > bbands <- BBands( ttrc[,c("High","Low","Close")] )
    >
    > # Directional Movement Index
    > adx <- ADX(ttrc[,c("High","Low","Close")])
    >
    > # Moving Averages
    > ema <- EMA(ttrc[,"Close"], n=20)
    > sma <- SMA(ttrc[,"Close"], n=20)
    >
    > # MACD
    > macd <- MACD( ttrc[,"Close"] )
    >
    > # RSI
    > rsi <- RSI(ttrc[,"Close"])
    >
    > # Stochastics
    > stochOsc <- stoch(ttrc[,c("High","Low","Close")])
    >
    > ### Note: you must have a working internet connection
    > ### for the examples below to work!
    >
    > # Fetch U.S. symbols from the internet
    > nyseSymbols <- stockSymbols("NYSE")
    Fetching NYSE symbols...
    Warning in file(file, "rt") :
     InternetOpenUrl failed: 'Eine Umleitungsanforderung ändert eine nicht sichere in eine sichere Verbindung.'
    Error in file(file, "rt") : cannot open the connection
    Calls: stockSymbols -> read.csv -> read.table -> file
    Execution halted
Flavors: r-devel-windows-ix86+x86_64, r-release-windows-ix86+x86_64, r-oldrel-windows-ix86+x86_64

Version: 0.23-3
Check: running examples for arch ‘x64’
Result: ERROR
    Running examples in 'TTR-Ex.R' failed
    The error most likely occurred in:
    
    > ### Name: TTR
    > ### Title: Functions to create Technical Trading Rules (TTR)
    > ### Aliases: TTR TTR-package
    > ### Keywords: package
    >
    > ### ** Examples
    >
    >
    > data(ttrc)
    >
    > # Bollinger Bands
    > bbands <- BBands( ttrc[,c("High","Low","Close")] )
    >
    > # Directional Movement Index
    > adx <- ADX(ttrc[,c("High","Low","Close")])
    >
    > # Moving Averages
    > ema <- EMA(ttrc[,"Close"], n=20)
    > sma <- SMA(ttrc[,"Close"], n=20)
    >
    > # MACD
    > macd <- MACD( ttrc[,"Close"] )
    >
    > # RSI
    > rsi <- RSI(ttrc[,"Close"])
    >
    > # Stochastics
    > stochOsc <- stoch(ttrc[,c("High","Low","Close")])
    >
    > ### Note: you must have a working internet connection
    > ### for the examples below to work!
    >
    > # Fetch U.S. symbols from the internet
    > nyseSymbols <- stockSymbols("NYSE")
    Fetching NYSE symbols...
    Warning in file(file, "rt") :
     InternetOpenUrl failed: 'Eine Umleitungsanforderung ändert eine nicht sichere in eine sichere Verbindung.'
    Error in file(file, "rt") : cannot open the connection
    Calls: stockSymbols -> read.csv -> read.table -> file
    Execution halted
Flavors: r-devel-windows-ix86+x86_64, r-release-windows-ix86+x86_64, r-oldrel-windows-ix86+x86_64