Last updated on 2018-07-17 01:47:28 CEST.
Flavor | Version | Tinstall | Tcheck | Ttotal | Status | Flags |
---|---|---|---|---|---|---|
r-devel-linux-x86_64-debian-clang | 1.3.3 | 4.64 | 84.74 | 89.38 | OK | |
r-devel-linux-x86_64-debian-gcc | 1.3.3 | 3.95 | 75.28 | 79.23 | OK | |
r-devel-linux-x86_64-fedora-clang | 1.3.3 | 124.39 | NOTE | |||
r-devel-linux-x86_64-fedora-gcc | 1.3.3 | 115.34 | OK | |||
r-devel-windows-ix86+x86_64 | 1.3.3 | 14.00 | 103.00 | 117.00 | NOTE | |
r-patched-linux-x86_64 | 1.3.3 | 3.44 | 93.78 | 97.22 | OK | |
r-patched-solaris-x86 | 1.3.3 | 156.80 | NOTE | |||
r-release-linux-x86_64 | 1.3.3 | 3.52 | 94.28 | 97.80 | OK | |
r-release-windows-ix86+x86_64 | 1.3.3 | 12.00 | 147.00 | 159.00 | NOTE | |
r-release-osx-x86_64 | 1.3.3 | NOTE | ||||
r-oldrel-windows-ix86+x86_64 | 1.3.3 | 8.00 | 123.00 | 131.00 | NOTE | |
r-oldrel-osx-x86_64 | 1.3.3 | NOTE |
Version: 1.3.3
Check: installed package size
Result: NOTE
installed size is 8.5Mb
sub-directories of 1Mb or more:
doc 7.9Mb
Flavors: r-devel-linux-x86_64-fedora-clang, r-devel-windows-ix86+x86_64, r-patched-solaris-x86, r-release-windows-ix86+x86_64, r-release-osx-x86_64, r-oldrel-windows-ix86+x86_64, r-oldrel-osx-x86_64