CRAN Package Check Results for Package WeibullR

Last updated on 2018-07-17 01:47:29 CEST.

Flavor Version Tinstall Tcheck Ttotal Status Flags
r-devel-linux-x86_64-debian-clang 1.0.9 99.78 36.52 136.30 OK
r-devel-linux-x86_64-debian-gcc 1.0.9 83.35 32.73 116.08 OK
r-devel-linux-x86_64-fedora-clang 1.0.9 210.45 NOTE
r-devel-linux-x86_64-fedora-gcc 1.0.9 193.86 OK
r-devel-windows-ix86+x86_64 1.0.9 223.00 93.00 316.00 OK
r-patched-linux-x86_64 1.0.9 110.70 40.32 151.02 OK
r-patched-solaris-x86 1.0.9 195.40 OK
r-release-linux-x86_64 1.0.9 110.24 40.65 150.89 OK
r-release-windows-ix86+x86_64 1.0.9 232.00 96.00 328.00 OK
r-release-osx-x86_64 1.0.9 OK
r-oldrel-windows-ix86+x86_64 1.0.9 161.00 148.00 309.00 OK
r-oldrel-osx-x86_64 1.0.9 OK

Check Details

Version: 1.0.9
Check: installed package size
Result: NOTE
     installed size is 5.0Mb
     sub-directories of 1Mb or more:
     libs 4.6Mb
Flavor: r-devel-linux-x86_64-fedora-clang