Last updated on 2018-07-17 01:47:29 CEST.
Flavor | Version | Tinstall | Tcheck | Ttotal | Status | Flags |
---|---|---|---|---|---|---|
r-devel-linux-x86_64-debian-clang | 1.4.0 | 0.86 | 36.42 | 37.28 | OK | |
r-devel-linux-x86_64-debian-gcc | 1.4.0 | 0.66 | 31.73 | 32.39 | OK | |
r-devel-linux-x86_64-fedora-clang | 1.4.0 | 49.31 | NOTE | |||
r-devel-linux-x86_64-fedora-gcc | 1.4.0 | 46.50 | NOTE | |||
r-devel-windows-ix86+x86_64 | 1.4.0 | 3.00 | 71.00 | 74.00 | OK | |
r-patched-linux-x86_64 | 1.4.0 | 1.24 | 39.05 | 40.29 | OK | |
r-patched-solaris-x86 | 1.4.0 | 65.20 | NOTE | |||
r-release-linux-x86_64 | 1.4.0 | 1.26 | 39.47 | 40.73 | OK | |
r-release-windows-ix86+x86_64 | 1.4.0 | 5.00 | 88.00 | 93.00 | OK | |
r-release-osx-x86_64 | 1.4.0 | NOTE | ||||
r-oldrel-windows-ix86+x86_64 | 1.4.0 | 3.00 | 96.00 | 99.00 | OK | |
r-oldrel-osx-x86_64 | 1.4.0 | NOTE |
Version: 1.4.0
Check: dependencies in R code
Result: NOTE
Namespace in Imports field not imported from: ‘utils’
All declared Imports should be used.
Flavors: r-devel-linux-x86_64-fedora-clang, r-devel-linux-x86_64-fedora-gcc, r-patched-solaris-x86, r-release-osx-x86_64, r-oldrel-osx-x86_64