Last updated on 2018-07-17 01:46:47 CEST.
Flavor | Version | Tinstall | Tcheck | Ttotal | Status | Flags |
---|---|---|---|---|---|---|
r-devel-linux-x86_64-debian-clang | 0.1 | 4.24 | 39.66 | 43.90 | OK | |
r-devel-linux-x86_64-debian-gcc | 0.1 | 3.17 | 33.57 | 36.74 | OK | |
r-devel-linux-x86_64-fedora-clang | 0.1 | 56.17 | NOTE | |||
r-devel-linux-x86_64-fedora-gcc | 0.1 | 52.33 | NOTE | |||
r-devel-windows-ix86+x86_64 | 0.1 | 8.00 | 73.00 | 81.00 | OK | |
r-patched-linux-x86_64 | 0.1 | 3.90 | 42.24 | 46.14 | OK | |
r-patched-solaris-x86 | 0.1 | 75.70 | NOTE | |||
r-release-linux-x86_64 | 0.1 | 3.44 | 42.21 | 45.65 | OK | |
r-release-windows-ix86+x86_64 | 0.1 | 8.00 | 79.00 | 87.00 | OK | |
r-release-osx-x86_64 | 0.1 | NOTE | ||||
r-oldrel-windows-ix86+x86_64 | 0.1 | 4.00 | 58.00 | 62.00 | OK | |
r-oldrel-osx-x86_64 | 0.1 | NOTE |
Version: 0.1
Check: dependencies in R code
Result: NOTE
Namespaces in Imports field not imported from:
‘devtools’ ‘gridExtra’
All declared Imports should be used.
Flavors: r-devel-linux-x86_64-fedora-clang, r-devel-linux-x86_64-fedora-gcc, r-patched-solaris-x86, r-release-osx-x86_64, r-oldrel-osx-x86_64