CRAN Package Check Results for Package adaptiveGPCA

Last updated on 2018-07-17 01:46:47 CEST.

Flavor Version Tinstall Tcheck Ttotal Status Flags
r-devel-linux-x86_64-debian-clang 0.1.2 17.95 230.69 248.64 OK
r-devel-linux-x86_64-debian-gcc 0.1.2 13.80 205.92 219.72 OK
r-devel-linux-x86_64-fedora-clang 0.1.2 341.54 OK
r-devel-linux-x86_64-fedora-gcc 0.1.2 321.23 OK
r-devel-windows-ix86+x86_64 0.1.2 41.00 235.00 276.00 OK
r-patched-linux-x86_64 0.1.2 12.82 215.06 227.88 OK
r-patched-solaris-x86 0.1.2 4.10 ERROR
r-release-linux-x86_64 0.1.2 14.92 216.17 231.09 OK
r-release-windows-ix86+x86_64 0.1.2 33.00 317.00 350.00 OK
r-release-osx-x86_64 0.1.2 OK
r-oldrel-windows-ix86+x86_64 0.1.2 21.00 307.00 328.00 OK
r-oldrel-osx-x86_64 0.1.2 OK

Check Details

Version: 0.1.2
Check: package dependencies
Result: ERROR
    Package required but not available: ‘phyloseq’
    
    See section ‘The DESCRIPTION file’ in the ‘Writing R Extensions’
    manual.
Flavor: r-patched-solaris-x86