CRAN Package Check Results for Package alphastable

Last updated on 2018-07-17 01:46:47 CEST.

Flavor Version Tinstall Tcheck Ttotal Status Flags
r-devel-linux-x86_64-debian-clang 0.1.0 4.20 26.42 30.62 OK
r-devel-linux-x86_64-debian-gcc 0.1.0 3.50 23.48 26.98 OK
r-devel-linux-x86_64-fedora-clang 0.1.0 42.01 NOTE
r-devel-linux-x86_64-fedora-gcc 0.1.0 38.65 NOTE
r-devel-windows-ix86+x86_64 0.1.0 9.00 37.00 46.00 OK
r-patched-linux-x86_64 0.1.0 4.52 28.98 33.50 OK
r-patched-solaris-x86 0.1.0 59.00 NOTE
r-release-linux-x86_64 0.1.0 4.05 29.21 33.26 OK
r-release-windows-ix86+x86_64 0.1.0 8.00 52.00 60.00 OK
r-release-osx-x86_64 0.1.0 NOTE
r-oldrel-windows-ix86+x86_64 0.1.0 3.00 32.00 35.00 OK
r-oldrel-osx-x86_64 0.1.0 NOTE

Check Details

Version: 0.1.0
Check: dependencies in R code
Result: NOTE
    Namespaces in Imports field not imported from:
     ‘base’ ‘methods’ ‘nlme’
     All declared Imports should be used.
Flavors: r-devel-linux-x86_64-fedora-clang, r-devel-linux-x86_64-fedora-gcc, r-patched-solaris-x86, r-release-osx-x86_64, r-oldrel-osx-x86_64