CRAN Package Check Results for Package assertive.code

Last updated on 2018-07-17 01:46:48 CEST.

Flavor Version Tinstall Tcheck Ttotal Status Flags
r-devel-linux-x86_64-debian-clang 0.0-1 1.16 21.27 22.43 OK
r-devel-linux-x86_64-debian-gcc 0.0-1 0.87 18.31 19.18 OK
r-devel-linux-x86_64-fedora-clang 0.0-1 27.62 OK
r-devel-linux-x86_64-fedora-gcc 0.0-1 26.53 OK
r-devel-windows-ix86+x86_64 0.0-1 3.00 36.00 39.00 OK
r-patched-linux-x86_64 0.0-1 0.87 21.70 22.57 OK
r-patched-solaris-x86 0.0-1 42.10 OK
r-release-linux-x86_64 0.0-1 1.18 21.76 22.94 OK
r-release-windows-ix86+x86_64 0.0-1 4.00 48.00 52.00 OK
r-release-osx-x86_64 0.0-1 OK
r-oldrel-windows-ix86+x86_64 0.0-1 4.00 47.00 51.00 OK
r-oldrel-osx-x86_64 0.0-1 ERROR

Check Details

Version: 0.0-1
Check: package dependencies
Result: NOTE
    Package suggested but not available for checking: ‘devtools’
Flavor: r-oldrel-osx-x86_64

Version: 0.0-1
Check: tests
Result: ERROR
     Running ‘testthat.R’ [1s/1s]
    Running the tests in ‘tests/testthat.R’ failed.
    Complete output:
     > library(testthat)
     > library(devtools)
     Error in library(devtools) : there is no package called 'devtools'
     Execution halted
Flavor: r-oldrel-osx-x86_64