Last updated on 2018-07-17 01:46:48 CEST.
Flavor | Version | Tinstall | Tcheck | Ttotal | Status | Flags |
---|---|---|---|---|---|---|
r-devel-linux-x86_64-debian-clang | 1.0.0 | 47.53 | 56.09 | 103.62 | OK | |
r-devel-linux-x86_64-debian-gcc | 1.0.0 | 35.21 | 49.66 | 84.87 | OK | |
r-devel-linux-x86_64-fedora-clang | 1.0.0 | 121.21 | NOTE | |||
r-devel-linux-x86_64-fedora-gcc | 1.0.0 | 124.01 | OK | |||
r-devel-windows-ix86+x86_64 | 1.0.0 | 105.00 | 96.00 | 201.00 | OK | |
r-patched-linux-x86_64 | 1.0.0 | 41.72 | 53.56 | 95.28 | OK | |
r-patched-solaris-x86 | 1.0.0 | 134.00 | OK | |||
r-release-linux-x86_64 | 1.0.0 | 40.98 | 52.94 | 93.92 | OK | |
r-release-windows-ix86+x86_64 | 1.0.0 | 102.00 | 126.00 | 228.00 | OK | |
r-release-osx-x86_64 | 1.0.0 | NOTE | ||||
r-oldrel-windows-ix86+x86_64 | 1.0.0 | 65.00 | 83.00 | 148.00 | OK | |
r-oldrel-osx-x86_64 | 1.0.0 | NOTE |
Version: 1.0.0
Check: installed package size
Result: NOTE
installed size is 13.4Mb
sub-directories of 1Mb or more:
libs 13.2Mb
Flavors: r-devel-linux-x86_64-fedora-clang, r-release-osx-x86_64, r-oldrel-osx-x86_64