CRAN Package Check Results for Package autovarCore

Last updated on 2018-07-17 01:46:48 CEST.

Flavor Version Tinstall Tcheck Ttotal Status Flags
r-devel-linux-x86_64-debian-clang 1.0-4 27.11 34.58 61.69 OK
r-devel-linux-x86_64-debian-gcc 1.0-4 19.95 31.52 51.47 OK
r-devel-linux-x86_64-fedora-clang 1.0-4 79.47 NOTE
r-devel-linux-x86_64-fedora-gcc 1.0-4 74.54 NOTE
r-devel-windows-ix86+x86_64 1.0-4 64.00 105.00 169.00 OK
r-patched-linux-x86_64 1.0-4 24.24 36.36 60.60 OK
r-patched-solaris-x86 1.0-4 89.90 NOTE
r-release-linux-x86_64 1.0-4 21.15 36.54 57.69 OK
r-release-windows-ix86+x86_64 1.0-4 63.00 104.00 167.00 OK
r-release-osx-x86_64 1.0-4 NOTE
r-oldrel-windows-ix86+x86_64 1.0-4 47.00 102.00 149.00 OK
r-oldrel-osx-x86_64 1.0-4 NOTE

Check Details

Version: 1.0-4
Check: dependencies in R code
Result: NOTE
    Namespaces in Imports field not imported from:
     ‘Rcpp’ ‘jsonlite’
     All declared Imports should be used.
Flavors: r-devel-linux-x86_64-fedora-clang, r-devel-linux-x86_64-fedora-gcc, r-patched-solaris-x86, r-release-osx-x86_64, r-oldrel-osx-x86_64