CRAN Package Check Results for Package bfw

Last updated on 2018-07-17 01:46:49 CEST.

Flavor Version Tinstall Tcheck Ttotal Status Flags
r-devel-linux-x86_64-debian-clang 0.1.0 4.28 37.15 41.43 OK
r-devel-linux-x86_64-debian-gcc 0.1.0 2.91 32.54 35.45 OK
r-devel-linux-x86_64-fedora-clang 0.1.0 52.79 NOTE
r-devel-linux-x86_64-fedora-gcc 0.1.0 50.87 NOTE
r-devel-windows-ix86+x86_64 0.1.0 11.00 68.00 79.00 OK
r-patched-linux-x86_64 0.1.0 3.39 39.41 42.80 OK
r-patched-solaris-x86 0.1.0 73.80 NOTE
r-release-linux-x86_64 0.1.0 4.17 39.29 43.46 OK
r-release-windows-ix86+x86_64 0.1.0 12.00 69.00 81.00 OK
r-release-osx-x86_64 0.1.0 NOTE
r-oldrel-windows-ix86+x86_64 0.0.1 5.00 4.00 9.00 ERROR
r-oldrel-osx-x86_64 0.1.0 ERROR

Check Details

Version: 0.1.0
Check: dependencies in R code
Result: NOTE
    Namespace in Imports field not imported from: ‘rJava’
     All declared Imports should be used.
Flavors: r-devel-linux-x86_64-fedora-clang, r-devel-linux-x86_64-fedora-gcc, r-patched-solaris-x86, r-release-osx-x86_64

Version: 0.0.1
Check: package dependencies
Result: ERROR
    Package required and available but unsuitable version: 'methods'
    
    See section 'The DESCRIPTION file' in the 'Writing R Extensions'
    manual.
Flavor: r-oldrel-windows-ix86+x86_64

Version: 0.1.0
Check: whether package can be installed
Result: ERROR
    Installation failed.
Flavor: r-oldrel-osx-x86_64