Last updated on 2018-07-17 01:46:49 CEST.
Flavor | Version | Tinstall | Tcheck | Ttotal | Status | Flags |
---|---|---|---|---|---|---|
r-devel-linux-x86_64-debian-clang | 0.2.0 | 116.59 | 102.76 | 219.35 | OK | |
r-devel-linux-x86_64-debian-gcc | 0.2.0 | 85.27 | 85.77 | 171.04 | OK | |
r-devel-linux-x86_64-fedora-clang | 0.2.0 | 312.53 | NOTE | |||
r-devel-linux-x86_64-fedora-gcc | 0.2.0 | 260.30 | OK | |||
r-devel-windows-ix86+x86_64 | 0.2.0 | 270.00 | 265.00 | 535.00 | NOTE | |
r-patched-linux-x86_64 | 0.2.0 | 106.27 | 102.30 | 208.57 | OK | |
r-patched-solaris-x86 | 0.2.0 | 105.90 | ERROR | |||
r-release-linux-x86_64 | 0.2.0 | 111.60 | 101.75 | 213.35 | OK | |
r-release-windows-ix86+x86_64 | 0.2.0 | 263.00 | 343.00 | 606.00 | NOTE | |
r-release-osx-x86_64 | 0.2.0 | NOTE | ||||
r-oldrel-windows-ix86+x86_64 | 0.2.0 | 180.00 | 259.00 | 439.00 | NOTE | |
r-oldrel-osx-x86_64 | 0.2.0 | NOTE |
clang-UBSAN gcc-UBSAN valgrind
Version: 0.2.0
Check: installed package size
Result: NOTE
installed size is 11.8Mb
sub-directories of 1Mb or more:
doc 2.6Mb
libs 8.4Mb
Flavors: r-devel-linux-x86_64-fedora-clang, r-devel-windows-ix86+x86_64, r-release-windows-ix86+x86_64, r-release-osx-x86_64, r-oldrel-windows-ix86+x86_64, r-oldrel-osx-x86_64
Version: 0.2.0
Check: whether package can be installed
Result: ERROR
Installation failed.
Flavor: r-patched-solaris-x86