Last updated on 2018-07-17 01:46:49 CEST.
Flavor | Version | Tinstall | Tcheck | Ttotal | Status | Flags |
---|---|---|---|---|---|---|
r-devel-linux-x86_64-debian-clang | 1.0-6 | 1.39 | 15.56 | 16.95 | NOTE | |
r-devel-linux-x86_64-debian-gcc | 1.0-6 | 1.05 | 14.35 | 15.40 | NOTE | |
r-devel-linux-x86_64-fedora-clang | 1.0-6 | 23.11 | NOTE | |||
r-devel-linux-x86_64-fedora-gcc | 1.0-6 | 21.58 | NOTE | |||
r-devel-windows-ix86+x86_64 | 1.0-6 | 12.00 | 35.00 | 47.00 | OK | |
r-patched-linux-x86_64 | 1.0-6 | 1.25 | 16.95 | 18.20 | NOTE | |
r-patched-solaris-x86 | 1.0-6 | 37.70 | OK | |||
r-release-linux-x86_64 | 1.0-6 | 1.28 | 17.01 | 18.29 | NOTE | |
r-release-windows-ix86+x86_64 | 1.0-6 | 10.00 | 31.00 | 41.00 | OK | |
r-release-osx-x86_64 | 1.0-6 | OK | ||||
r-oldrel-windows-ix86+x86_64 | 1.0-6 | 6.00 | 28.00 | 34.00 | OK | |
r-oldrel-osx-x86_64 | 1.0-6 | OK |
Version: 1.0-6
Check: compiled code
Result: NOTE
File ‘bitops/libs/bitops.so’:
Found no calls to: ‘R_registerRoutines’, ‘R_useDynamicSymbols’
It is good practice to register native routines and to disable symbol
search.
See ‘Writing portable packages’ in the ‘Writing R Extensions’ manual.
Flavors: r-devel-linux-x86_64-debian-clang, r-devel-linux-x86_64-debian-gcc, r-devel-linux-x86_64-fedora-clang, r-devel-linux-x86_64-fedora-gcc, r-patched-linux-x86_64, r-release-linux-x86_64