Last updated on 2018-07-17 01:46:49 CEST.
Flavor | Version | Tinstall | Tcheck | Ttotal | Status | Flags |
---|---|---|---|---|---|---|
r-devel-linux-x86_64-debian-clang | 0.1.0 | 5.87 | 63.40 | 69.27 | OK | |
r-devel-linux-x86_64-debian-gcc | 0.1.0 | 4.40 | 56.84 | 61.24 | OK | |
r-devel-linux-x86_64-fedora-clang | 0.1.0 | 91.33 | OK | |||
r-devel-linux-x86_64-fedora-gcc | 0.1.0 | 86.44 | OK | |||
r-devel-windows-ix86+x86_64 | 0.1.0 | 12.00 | 106.00 | 118.00 | OK | |
r-patched-linux-x86_64 | 0.1.0 | 4.21 | 60.83 | 65.04 | NOTE | |
r-patched-solaris-x86 | 0.1.0 | 116.00 | OK | |||
r-release-linux-x86_64 | 0.1.0 | 3.91 | 60.83 | 64.74 | NOTE | |
r-release-windows-ix86+x86_64 | 0.1.0 | 11.00 | 113.00 | 124.00 | OK | |
r-release-osx-x86_64 | 0.1.0 | OK | ||||
r-oldrel-windows-ix86+x86_64 | 0.1.0 | 8.00 | 68.00 | 76.00 | OK | |
r-oldrel-osx-x86_64 | 0.1.0 | OK |
Version: 0.1.0
Check: DESCRIPTION meta-information
Result: NOTE
Dependence on R version ‘3.3.1’ not with patchlevel 0
Flavors: r-patched-linux-x86_64, r-release-linux-x86_64