Last updated on 2018-07-17 01:46:50 CEST.
Flavor | Version | Tinstall | Tcheck | Ttotal | Status | Flags |
---|---|---|---|---|---|---|
r-devel-linux-x86_64-debian-clang | 2.3.1 | 30.11 | 406.12 | 436.23 | OK | |
r-devel-linux-x86_64-debian-gcc | 2.3.1 | 28.84 | 337.43 | 366.27 | OK | |
r-devel-linux-x86_64-fedora-clang | 2.3.1 | 599.72 | NOTE | |||
r-devel-linux-x86_64-fedora-gcc | 2.3.1 | 540.81 | OK | |||
r-devel-windows-ix86+x86_64 | 2.3.1 | 75.00 | 601.00 | 676.00 | NOTE | |
r-patched-linux-x86_64 | 2.3.1 | 28.71 | 415.61 | 444.32 | OK | |
r-patched-solaris-x86 | 2.3.1 | 711.70 | NOTE | |||
r-release-linux-x86_64 | 2.3.1 | 30.03 | 415.77 | 445.80 | OK | |
r-release-windows-ix86+x86_64 | 2.3.1 | 70.00 | 599.00 | 669.00 | NOTE | |
r-release-osx-x86_64 | 2.3.1 | NOTE | ||||
r-oldrel-windows-ix86+x86_64 | 2.3.1 | 32.00 | 456.00 | 488.00 | NOTE | |
r-oldrel-osx-x86_64 | 2.3.1 | NOTE |
Version: 2.3.1
Check: installed package size
Result: NOTE
installed size is 6.7Mb
sub-directories of 1Mb or more:
R 3.5Mb
doc 2.4Mb
Flavors: r-devel-linux-x86_64-fedora-clang, r-devel-windows-ix86+x86_64, r-patched-solaris-x86, r-release-windows-ix86+x86_64, r-release-osx-x86_64, r-oldrel-windows-ix86+x86_64, r-oldrel-osx-x86_64