Last updated on 2018-07-17 01:46:50 CEST.
Flavor | Version | Tinstall | Tcheck | Ttotal | Status | Flags |
---|---|---|---|---|---|---|
r-devel-linux-x86_64-debian-clang | 0.1.5 | 570.56 | 292.21 | 862.77 | OK | |
r-devel-linux-x86_64-debian-gcc | 0.1.5 | 454.76 | 242.48 | 697.24 | OK | |
r-devel-linux-x86_64-fedora-clang | 0.1.5 | 1306.99 | NOTE | |||
r-devel-linux-x86_64-fedora-gcc | 0.1.5 | 1185.37 | OK | |||
r-devel-windows-ix86+x86_64 | 0.1.5 | 1500.00 | 416.00 | 1916.00 | NOTE | |
r-patched-linux-x86_64 | 0.1.5 | 555.29 | 330.13 | 885.42 | OK | |
r-patched-solaris-x86 | 0.1.5 | 1136.60 | OK | |||
r-release-linux-x86_64 | 0.1.5 | 574.54 | 332.64 | 907.18 | OK | |
r-release-windows-ix86+x86_64 | 0.1.5 | 1507.00 | 524.00 | 2031.00 | NOTE | |
r-release-osx-x86_64 | 0.1.5 | NOTE | ||||
r-oldrel-windows-ix86+x86_64 | 0.1.5 | 1117.00 | 393.00 | 1510.00 | NOTE | |
r-oldrel-osx-x86_64 | 0.1.5 | NOTE |
Version: 0.1.5
Check: installed package size
Result: NOTE
installed size is 32.4Mb
sub-directories of 1Mb or more:
libs 31.3Mb
Flavors: r-devel-linux-x86_64-fedora-clang, r-devel-windows-ix86+x86_64, r-release-windows-ix86+x86_64, r-release-osx-x86_64, r-oldrel-windows-ix86+x86_64, r-oldrel-osx-x86_64