Last updated on 2018-07-17 01:46:50 CEST.
Flavor | Version | Tinstall | Tcheck | Ttotal | Status | Flags |
---|---|---|---|---|---|---|
r-devel-linux-x86_64-debian-clang | 1.2 | 55.34 | 61.35 | 116.69 | WARN | |
r-devel-linux-x86_64-debian-gcc | 1.2 | 48.48 | 53.67 | 102.15 | WARN | |
r-devel-linux-x86_64-fedora-clang | 1.2 | 172.63 | WARN | |||
r-devel-linux-x86_64-fedora-gcc | 1.2 | 158.04 | WARN | |||
r-devel-windows-ix86+x86_64 | 1.2 | 153.00 | 96.00 | 249.00 | OK | |
r-patched-linux-x86_64 | 1.2 | 59.17 | 56.81 | 115.98 | WARN | |
r-patched-solaris-x86 | 1.2 | 181.20 | WARN | |||
r-release-linux-x86_64 | 1.2 | 55.34 | 56.49 | 111.83 | WARN | |
r-release-windows-ix86+x86_64 | 1.2 | 159.00 | 129.00 | 288.00 | OK | |
r-release-osx-x86_64 | 1.2 | NOTE | ||||
r-oldrel-windows-ix86+x86_64 | 1.2 | 119.00 | 123.00 | 242.00 | OK | |
r-oldrel-osx-x86_64 | 1.2 | NOTE |
Version: 1.2
Check: Rd cross-references
Result: WARN
Unknown package ‘genlasso’ in Rd xrefs
Flavors: r-devel-linux-x86_64-debian-clang, r-devel-linux-x86_64-debian-gcc, r-devel-linux-x86_64-fedora-clang, r-devel-linux-x86_64-fedora-gcc, r-patched-linux-x86_64, r-patched-solaris-x86, r-release-linux-x86_64
Version: 1.2
Check: installed package size
Result: NOTE
installed size is 9.3Mb
sub-directories of 1Mb or more:
libs 9.1Mb
Flavors: r-devel-linux-x86_64-fedora-clang, r-release-osx-x86_64, r-oldrel-osx-x86_64