Last updated on 2018-07-17 01:46:50 CEST.
Flavor | Version | Tinstall | Tcheck | Ttotal | Status | Flags |
---|---|---|---|---|---|---|
r-devel-linux-x86_64-debian-clang | 0.2.2 | 12.27 | 58.45 | 70.72 | OK | |
r-devel-linux-x86_64-debian-gcc | 0.2.2 | 12.91 | 51.28 | 64.19 | OK | |
r-devel-linux-x86_64-fedora-clang | 0.2.2 | 97.00 | OK | |||
r-devel-linux-x86_64-fedora-gcc | 0.2.2 | 83.99 | OK | |||
r-devel-windows-ix86+x86_64 | 0.2.2 | 25.00 | 137.00 | 162.00 | OK | |
r-patched-linux-x86_64 | 0.2.2 | 11.34 | 62.91 | 74.25 | OK | |
r-patched-solaris-x86 | 0.2.2 | 114.90 | NOTE | |||
r-release-linux-x86_64 | 0.2.2 | 11.18 | 63.28 | 74.46 | OK | |
r-release-windows-ix86+x86_64 | 0.2.2 | 22.00 | 97.00 | 119.00 | OK | |
r-release-osx-x86_64 | 0.2.2 | OK | ||||
r-oldrel-windows-ix86+x86_64 | 0.2.2 | 5.00 | 71.00 | 76.00 | OK | |
r-oldrel-osx-x86_64 | 0.2.2 | OK |
Version: 0.2.2
Check: package dependencies
Result: NOTE
Package suggested but not available for checking: ‘iptools’
Flavor: r-patched-solaris-x86