Last updated on 2018-07-17 01:46:51 CEST.
Flavor | Version | Tinstall | Tcheck | Ttotal | Status | Flags |
---|---|---|---|---|---|---|
r-devel-linux-x86_64-debian-clang | 0.2.1 | 49.29 | 92.22 | 141.51 | WARN | |
r-devel-linux-x86_64-debian-gcc | 0.2.1 | 42.72 | 83.09 | 125.81 | OK | |
r-devel-linux-x86_64-fedora-clang | 0.2.1 | 205.45 | WARN | |||
r-devel-linux-x86_64-fedora-gcc | 0.2.1 | 188.45 | OK | |||
r-devel-windows-ix86+x86_64 | 0.2.1 | 134.00 | 231.00 | 365.00 | NOTE | |
r-patched-linux-x86_64 | 0.2.1 | 50.49 | 96.22 | 146.71 | OK | |
r-patched-solaris-x86 | 0.2.1 | 3.90 | ERROR | |||
r-release-linux-x86_64 | 0.2.1 | 52.54 | 94.68 | 147.22 | OK | |
r-release-windows-ix86+x86_64 | 0.2.1 | 143.00 | 215.00 | 358.00 | NOTE | |
r-release-osx-x86_64 | 0.2.1 | ERROR | ||||
r-oldrel-windows-ix86+x86_64 | 0.2.1 | 106.00 | 216.00 | 322.00 | NOTE | |
r-oldrel-osx-x86_64 | 0.2.1 | ERROR |
Version: 0.2.1
Check: whether package can be installed
Result: WARN
Found the following significant warnings:
./networkCliqueMSR.h:405:22: warning: using integer absolute value function 'abs' when argument is of floating point type [-Wabsolute-value]
./networkCliqueMSR.h:414:17: warning: using integer absolute value function 'abs' when argument is of floating point type [-Wabsolute-value]
./networkCliqueMSR.h:448:22: warning: using integer absolute value function 'abs' when argument is of floating point type [-Wabsolute-value]
./networkCliqueMSR.h:466:17: warning: using integer absolute value function 'abs' when argument is of floating point type [-Wabsolute-value]
./networkCliqueMSR.h:4:9: warning: 'NETWORKClIQUEMSR_H' is used as a header guard here, followed by #define of a different macro [-Wheader-guard]
Flavor: r-devel-linux-x86_64-debian-clang
Version: 0.2.1
Check: whether package can be installed
Result: WARN
Found the following significant warnings:
./networkCliqueMSR.h:4:9: warning: 'NETWORKClIQUEMSR_H' is used as a header guard here, followed by #define of a different macro [-Wheader-guard]
Flavor: r-devel-linux-x86_64-fedora-clang
Version: 0.2.1
Check: installed package size
Result: NOTE
installed size is 12.4Mb
sub-directories of 1Mb or more:
libs 5.4Mb
Flavors: r-devel-linux-x86_64-fedora-clang, r-devel-windows-ix86+x86_64, r-release-windows-ix86+x86_64, r-oldrel-windows-ix86+x86_64
Version: 0.2.1
Check: package dependencies
Result: ERROR
Packages required but not available: ‘xcms’ ‘CAMERA’
See section ‘The DESCRIPTION file’ in the ‘Writing R Extensions’
manual.
Flavors: r-patched-solaris-x86, r-release-osx-x86_64
Version: 0.2.1
Check: package dependencies
Result: ERROR
Package required but not available: ‘CAMERA’
See section ‘The DESCRIPTION file’ in the ‘Writing R Extensions’
manual.
Flavor: r-oldrel-osx-x86_64