CRAN Package Check Results for Package colorpatch

Last updated on 2018-07-17 01:46:51 CEST.

Flavor Version Tinstall Tcheck Ttotal Status Flags
r-devel-linux-x86_64-debian-clang 0.1.2 2.33 42.38 44.71 OK
r-devel-linux-x86_64-debian-gcc 0.1.2 2.37 37.12 39.49 OK
r-devel-linux-x86_64-fedora-clang 0.1.2 60.92 NOTE
r-devel-linux-x86_64-fedora-gcc 0.1.2 55.58 NOTE
r-devel-windows-ix86+x86_64 0.1.2 8.00 64.00 72.00 OK
r-patched-linux-x86_64 0.1.2 2.97 43.56 46.53 OK
r-patched-solaris-x86 0.1.2 77.20 NOTE
r-release-linux-x86_64 0.1.2 2.99 42.99 45.98 OK
r-release-windows-ix86+x86_64 0.1.2 8.00 79.00 87.00 OK
r-release-osx-x86_64 0.1.2 NOTE
r-oldrel-windows-ix86+x86_64 0.1.2 6.00 93.00 99.00 OK
r-oldrel-osx-x86_64 0.1.2 NOTE

Check Details

Version: 0.1.2
Check: dependencies in R code
Result: NOTE
    Namespaces in Imports field not imported from:
     ‘grid’ ‘gridExtra’
     All declared Imports should be used.
Flavors: r-devel-linux-x86_64-fedora-clang, r-devel-linux-x86_64-fedora-gcc, r-patched-solaris-x86, r-release-osx-x86_64, r-oldrel-osx-x86_64