CRAN Package Check Results for Package comtradr

Last updated on 2018-07-17 01:46:51 CEST.

Flavor Version Tinstall Tcheck Ttotal Status Flags
r-devel-linux-x86_64-debian-clang 0.2.1 1.34 26.56 27.90 OK
r-devel-linux-x86_64-debian-gcc 0.2.1 1.08 23.73 24.81 OK
r-devel-linux-x86_64-fedora-clang 0.2.1 37.52 NOTE
r-devel-linux-x86_64-fedora-gcc 0.2.1 34.38 NOTE
r-devel-windows-ix86+x86_64 0.2.1 6.00 46.00 52.00 OK
r-patched-linux-x86_64 0.2.1 1.24 28.86 30.10 OK
r-patched-solaris-x86 0.2.1 50.90 NOTE
r-release-linux-x86_64 0.2.1 1.05 27.93 28.98 OK
r-release-windows-ix86+x86_64 0.2.1 4.00 65.00 69.00 OK
r-release-osx-x86_64 0.2.1 NOTE
r-oldrel-windows-ix86+x86_64 0.2.1 3.00 64.00 67.00 OK
r-oldrel-osx-x86_64 0.2.1 NOTE

Check Details

Version: 0.2.1
Check: dependencies in R code
Result: NOTE
    Namespace in Imports field not imported from: ‘methods’
     All declared Imports should be used.
Flavors: r-devel-linux-x86_64-fedora-clang, r-devel-linux-x86_64-fedora-gcc, r-patched-solaris-x86, r-release-osx-x86_64, r-oldrel-osx-x86_64