CRAN Package Check Results for Package congressbr

Last updated on 2018-07-17 01:46:51 CEST.

Flavor Version Tinstall Tcheck Ttotal Status Flags
r-devel-linux-x86_64-debian-clang 0.1.3 19.74 87.80 107.54 OK
r-devel-linux-x86_64-debian-gcc 0.1.3 18.75 76.66 95.41 OK
r-devel-linux-x86_64-fedora-clang 0.1.3 146.40 NOTE
r-devel-linux-x86_64-fedora-gcc 0.1.3 139.68 NOTE
r-devel-windows-ix86+x86_64 0.1.3 38.00 166.00 204.00 OK
r-patched-linux-x86_64 0.1.3 19.74 90.36 110.10 OK
r-patched-solaris-x86 0.1.3 218.70 NOTE
r-release-linux-x86_64 0.1.3 22.18 90.01 112.19 OK
r-release-windows-ix86+x86_64 0.1.3 38.00 205.00 243.00 OK
r-release-osx-x86_64 0.1.3 NOTE
r-oldrel-windows-ix86+x86_64 0.1.3 28.00 174.00 202.00 OK
r-oldrel-osx-x86_64 0.1.3 NOTE

Check Details

Version: 0.1.3
Check: data for non-ASCII characters
Result: NOTE
     Note: found 187 marked UTF-8 strings
Flavors: r-devel-linux-x86_64-fedora-clang, r-devel-linux-x86_64-fedora-gcc, r-patched-solaris-x86, r-release-osx-x86_64, r-oldrel-osx-x86_64