Last updated on 2018-07-17 01:46:51 CEST.
Flavor | Version | Tinstall | Tcheck | Ttotal | Status | Flags |
---|---|---|---|---|---|---|
r-devel-linux-x86_64-debian-clang | 0.4-3 | 1.99 | 20.10 | 22.09 | NOTE | |
r-devel-linux-x86_64-debian-gcc | 0.4-3 | 1.75 | 17.69 | 19.44 | NOTE | |
r-devel-linux-x86_64-fedora-clang | 0.4-3 | 29.15 | NOTE | |||
r-devel-linux-x86_64-fedora-gcc | 0.4-3 | 26.88 | NOTE | |||
r-devel-windows-ix86+x86_64 | 0.4-3 | 6.00 | 34.00 | 40.00 | NOTE | |
r-patched-linux-x86_64 | 0.4-3 | 1.89 | 21.28 | 23.17 | NOTE | |
r-patched-solaris-x86 | 0.4-3 | 44.20 | NOTE | |||
r-release-linux-x86_64 | 0.4-3 | 2.32 | 21.35 | 23.67 | NOTE | |
r-release-windows-ix86+x86_64 | 0.4-3 | 6.00 | 31.00 | 37.00 | NOTE | |
r-release-osx-x86_64 | 0.4-3 | NOTE | ||||
r-oldrel-windows-ix86+x86_64 | 0.4-3 | 4.00 | 30.00 | 34.00 | NOTE | |
r-oldrel-osx-x86_64 | 0.4-3 | NOTE |
Version: 0.4-3
Check: R code for possible problems
Result: NOTE
binom.pval: no visible global function definition for ‘pbinom’
chisq.pval: no visible global function definition for ‘pchisq’
chisq.pval: no visible global function definition for ‘pnorm’
fisher.pval: no visible global function definition for ‘phyper’
prop.cint: no visible global function definition for ‘qbeta’
prop.cint: no visible global function definition for ‘qnorm’
sample.df: no visible global function definition for ‘is’
simulated.census: no visible global function definition for ‘runif’
simulated.census : height2weight: no visible global function definition
for ‘rnorm’
simulated.census : height2shoe: no visible global function definition
for ‘rnorm’
simulated.census: no visible global function definition for ‘rnorm’
simulated.wikipedia: no visible global function definition for ‘runif’
simulated.wikipedia: no visible global function definition for ‘rnorm’
z.score.pval: no visible global function definition for ‘pnorm’
Undefined global functions or variables:
is pbinom pchisq phyper pnorm qbeta qnorm rnorm runif
Consider adding
importFrom("methods", "is")
importFrom("stats", "pbinom", "pchisq", "phyper", "pnorm", "qbeta",
"qnorm", "rnorm", "runif")
to your NAMESPACE file (and ensure that your DESCRIPTION Imports field
contains 'methods').
Flavors: r-devel-linux-x86_64-debian-clang, r-devel-linux-x86_64-debian-gcc, r-devel-linux-x86_64-fedora-clang, r-devel-linux-x86_64-fedora-gcc, r-devel-windows-ix86+x86_64, r-patched-linux-x86_64, r-patched-solaris-x86, r-release-linux-x86_64, r-release-windows-ix86+x86_64, r-release-osx-x86_64, r-oldrel-windows-ix86+x86_64, r-oldrel-osx-x86_64
Version: 0.4-3
Check: data for non-ASCII characters
Result: NOTE
Note: found 3 marked UTF-8 strings
Flavors: r-devel-linux-x86_64-fedora-clang, r-devel-linux-x86_64-fedora-gcc, r-patched-solaris-x86, r-release-osx-x86_64, r-oldrel-osx-x86_64