Last updated on 2018-07-17 01:46:52 CEST.
Flavor | Version | Tinstall | Tcheck | Ttotal | Status | Flags |
---|---|---|---|---|---|---|
r-devel-linux-x86_64-debian-clang | 2.2 | 24.24 | 23.47 | 47.71 | NOTE | |
r-devel-linux-x86_64-debian-gcc | 2.2 | 101.19 | 20.20 | 121.39 | NOTE | |
r-devel-linux-x86_64-fedora-clang | 2.2 | 74.77 | NOTE | |||
r-devel-linux-x86_64-fedora-gcc | 2.2 | 227.53 | NOTE | |||
r-devel-windows-ix86+x86_64 | 2.2 | 190.00 | 62.00 | 252.00 | OK | |
r-patched-linux-x86_64 | 2.2 | 112.84 | 24.38 | 137.22 | NOTE | |
r-patched-solaris-x86 | 2.2 | 1078.10 | OK | |||
r-release-linux-x86_64 | 2.2 | 115.54 | 24.06 | 139.60 | NOTE | |
r-release-windows-ix86+x86_64 | 2.2 | 186.00 | 54.00 | 240.00 | OK | |
r-release-osx-x86_64 | 2.2 | OK | ||||
r-oldrel-windows-ix86+x86_64 | 2.2 | 149.00 | 51.00 | 200.00 | OK | |
r-oldrel-osx-x86_64 | 2.2 | OK |
Version: 2.2
Check: compiled code
Result: NOTE
File ‘cpm/libs/cpm.so’:
Found no calls to: ‘R_registerRoutines’, ‘R_useDynamicSymbols’
It is good practice to register native routines and to disable symbol
search.
See ‘Writing portable packages’ in the ‘Writing R Extensions’ manual.
Flavors: r-devel-linux-x86_64-debian-clang, r-devel-linux-x86_64-debian-gcc, r-devel-linux-x86_64-fedora-clang, r-devel-linux-x86_64-fedora-gcc, r-patched-linux-x86_64, r-release-linux-x86_64