CRAN Package Check Results for Package datarobot

Last updated on 2018-07-17 01:46:52 CEST.

Flavor Version Tinstall Tcheck Ttotal Status Flags
r-devel-linux-x86_64-debian-clang 2.8.0 4.40 82.88 87.28 OK
r-devel-linux-x86_64-debian-gcc 2.8.0 5.04 70.84 75.88 OK
r-devel-linux-x86_64-fedora-clang 2.8.0 124.44 NOTE
r-devel-linux-x86_64-fedora-gcc 2.8.0 117.33 NOTE
r-devel-windows-ix86+x86_64 2.8.0 17.00 100.00 117.00 OK
r-patched-linux-x86_64 2.8.0 6.37 87.88 94.25 OK
r-patched-solaris-x86 2.8.0 135.00 NOTE
r-release-linux-x86_64 2.8.0 4.18 88.93 93.11 OK
r-release-windows-ix86+x86_64 2.8.0 17.00 107.00 124.00 OK
r-release-osx-x86_64 2.8.0 NOTE
r-oldrel-windows-ix86+x86_64 2.8.0 7.00 118.00 125.00 OK
r-oldrel-osx-x86_64 2.8.0 NOTE

Check Details

Version: 2.8.0
Check: dependencies in R code
Result: NOTE
    Namespace in Imports field not imported from: ‘curl’
     All declared Imports should be used.
Flavors: r-devel-linux-x86_64-fedora-clang, r-devel-linux-x86_64-fedora-gcc, r-patched-solaris-x86, r-release-osx-x86_64, r-oldrel-osx-x86_64