Last updated on 2018-07-17 01:46:53 CEST.
Flavor | Version | Tinstall | Tcheck | Ttotal | Status | Flags |
---|---|---|---|---|---|---|
r-devel-linux-x86_64-debian-clang | 3.4.1 | 167.34 | 80.83 | 248.17 | OK | |
r-devel-linux-x86_64-debian-gcc | 3.4.1 | 140.01 | 69.12 | 209.13 | OK | |
r-devel-linux-x86_64-fedora-clang | 3.4.1 | 339.41 | NOTE | |||
r-devel-linux-x86_64-fedora-gcc | 3.4.1 | 327.78 | OK | |||
r-devel-windows-ix86+x86_64 | 3.4.1 | 362.00 | 147.00 | 509.00 | NOTE | |
r-patched-linux-x86_64 | 3.4.1 | 147.33 | 76.62 | 223.95 | OK | |
r-patched-solaris-x86 | 3.4.1 | 306.50 | OK | |||
r-release-linux-x86_64 | 3.4.1 | 147.80 | 77.04 | 224.84 | OK | |
r-release-windows-ix86+x86_64 | 3.4.1 | 369.00 | 210.00 | 579.00 | NOTE | |
r-release-osx-x86_64 | 3.4.1 | NOTE | ||||
r-oldrel-windows-ix86+x86_64 | 3.4.1 | 297.00 | 209.00 | 506.00 | NOTE | |
r-oldrel-osx-x86_64 | 3.4.1 | NOTE |
Version: 3.4.1
Check: installed package size
Result: NOTE
installed size is 46.4Mb
sub-directories of 1Mb or more:
libs 45.9Mb
Flavors: r-devel-linux-x86_64-fedora-clang, r-devel-windows-ix86+x86_64, r-release-windows-ix86+x86_64, r-release-osx-x86_64, r-oldrel-windows-ix86+x86_64, r-oldrel-osx-x86_64