Last updated on 2018-07-17 01:46:53 CEST.
Flavor | Version | Tinstall | Tcheck | Ttotal | Status | Flags |
---|---|---|---|---|---|---|
r-devel-linux-x86_64-debian-clang | 2.0.3 | 158.70 | 104.08 | 262.78 | OK | |
r-devel-linux-x86_64-debian-gcc | 2.0.3 | 167.02 | 88.00 | 255.02 | OK | |
r-devel-linux-x86_64-fedora-clang | 2.0.3 | 394.62 | NOTE | |||
r-devel-linux-x86_64-fedora-gcc | 2.0.3 | 403.47 | WARN | |||
r-devel-windows-ix86+x86_64 | 2.0.3 | 592.00 | 170.00 | 762.00 | NOTE | |
r-patched-linux-x86_64 | 2.0.3 | 203.04 | 98.49 | 301.53 | OK | |
r-patched-solaris-x86 | 2.0.3 | 434.80 | OK | |||
r-release-linux-x86_64 | 2.0.3 | 205.06 | 100.28 | 305.34 | OK | |
r-release-windows-ix86+x86_64 | 2.0.3 | 651.00 | 205.00 | 856.00 | NOTE | |
r-release-osx-x86_64 | 2.0.3 | NOTE | ||||
r-oldrel-windows-ix86+x86_64 | 2.0.3 | 487.00 | 253.00 | 740.00 | NOTE | |
r-oldrel-osx-x86_64 | 2.0.3 | NOTE |
Version: 2.0.3
Check: installed package size
Result: NOTE
installed size is 19.4Mb
sub-directories of 1Mb or more:
doc 1.5Mb
libs 17.5Mb
Flavors: r-devel-linux-x86_64-fedora-clang, r-devel-windows-ix86+x86_64, r-release-windows-ix86+x86_64, r-release-osx-x86_64, r-oldrel-windows-ix86+x86_64, r-oldrel-osx-x86_64
Version: 2.0.3
Check: whether package can be installed
Result: WARN
Found the following significant warnings:
clipper.cpp:721:34: warning: ‘void* memset(void*, int, size_t)’ clearing an object of non-trivial type ‘struct ClipperLib::TEdge’; use assignment or value-initialization instead [-Wclass-memaccess]
dbfopen.c:1346:6: warning: ‘strncpy’ output may be truncated copying between 0 and 399 bytes from a string of length 399 [-Wstringop-truncation]
dbfopen.c:1328:6: warning: ‘strncpy’ output may be truncated copying between 0 and 399 bytes from a string of length 399 [-Wstringop-truncation]
dbfopen.c:879:9: warning: ‘strncpy’ output truncated before terminating nul copying as many bytes from a string as its length [-Wstringop-truncation]
dbfopen.c:1693:9: warning: ‘strncpy’ output may be truncated copying 11 bytes from a string of length 11 [-Wstringop-truncation]
dbfopen.c:2065:9: warning: ‘strncpy’ output truncated before terminating nul copying as many bytes from a string as its length [-Wstringop-truncation]
Flavor: r-devel-linux-x86_64-fedora-gcc