Last updated on 2018-07-17 01:46:59 CEST.
Flavor | Version | Tinstall | Tcheck | Ttotal | Status | Flags |
---|---|---|---|---|---|---|
r-devel-linux-x86_64-debian-clang | 2.6.2 | 14.15 | 68.02 | 82.17 | NOTE | |
r-devel-linux-x86_64-debian-gcc | 2.6.2 | 12.67 | 57.87 | 70.54 | NOTE | |
r-devel-linux-x86_64-fedora-clang | 2.6.2 | 111.95 | NOTE | |||
r-devel-linux-x86_64-fedora-gcc | 2.6.2 | 104.68 | NOTE | |||
r-devel-windows-ix86+x86_64 | 2.6.2 | 32.00 | 94.00 | 126.00 | OK | |
r-patched-linux-x86_64 | 2.6.2 | 14.80 | 64.26 | 79.06 | NOTE | |
r-patched-solaris-x86 | 2.6.2 | 138.70 | NOTE | |||
r-release-linux-x86_64 | 2.6.2 | 16.41 | 64.60 | 81.01 | NOTE | |
r-release-windows-ix86+x86_64 | 2.6.2 | 32.00 | 103.00 | 135.00 | OK | |
r-release-osx-x86_64 | 2.6.2 | OK | ||||
r-oldrel-windows-ix86+x86_64 | 2.6.2 | 25.00 | 113.00 | 138.00 | OK | |
r-oldrel-osx-x86_64 | 2.6.2 | OK |
Version: 2.6.2
Check: S3 generic/method consistency
Result: NOTE
Found the following apparent S3 methods exported but not registered:
plot.rd
See section ‘Registering S3 methods’ in the ‘Writing R Extensions’
manual.
Flavors: r-devel-linux-x86_64-debian-clang, r-devel-linux-x86_64-debian-gcc, r-devel-linux-x86_64-fedora-clang, r-devel-linux-x86_64-fedora-gcc, r-patched-linux-x86_64, r-patched-solaris-x86, r-release-linux-x86_64