CRAN Package Check Results for Package diveRsity

Last updated on 2018-07-17 01:46:59 CEST.

Flavor Version Tinstall Tcheck Ttotal Status Flags
r-devel-linux-x86_64-debian-clang 1.9.90 124.73 156.83 281.56 OK
r-devel-linux-x86_64-debian-gcc 1.9.90 101.39 132.86 234.25 OK
r-devel-linux-x86_64-fedora-clang 1.9.90 415.94 NOTE
r-devel-linux-x86_64-fedora-gcc 1.9.90 370.25 OK
r-devel-windows-ix86+x86_64 1.9.90 321.00 226.00 547.00 OK
r-patched-linux-x86_64 1.9.90 126.20 151.86 278.06 OK
r-patched-solaris-x86 1.9.90 397.00 OK
r-release-linux-x86_64 1.9.90 125.06 152.92 277.98 OK
r-release-windows-ix86+x86_64 1.9.90 310.00 312.00 622.00 OK
r-release-osx-x86_64 1.9.90 OK
r-oldrel-windows-ix86+x86_64 1.9.90 221.00 195.00 416.00 OK
r-oldrel-osx-x86_64 1.9.90 NOTE

Check Details

Version: 1.9.90
Check: installed package size
Result: NOTE
     installed size is 6.1Mb
     sub-directories of 1Mb or more:
     libs 4.6Mb
Flavor: r-devel-linux-x86_64-fedora-clang

Version: 1.9.90
Check: re-building of vignette outputs
Result: NOTE
    Error in re-building vignettes:
     ...
    Error in texi2dvi(file = file, pdf = TRUE, clean = clean, quiet = quiet, :
     Running 'texi2dvi' on 'diveRsity.tex' failed.
    LaTeX errors:
    ! LaTeX Error: File `enumitem.sty' not found.
    
    Type X to quit or <RETURN> to proceed,
    or enter new name. (Default extension: sty)
    
    ! Emergency stop.
    <read *>
    
    l.7 \usepackage
     {hyperref}^^M
    ! ==> Fatal error occurred, no output PDF file produced!
    Calls: buildVignettes -> texi2pdf -> texi2dvi
    Execution halted
Flavor: r-oldrel-osx-x86_64