CRAN Package Check Results for Package drugCombo

Last updated on 2018-07-17 01:47:00 CEST.

Flavor Version Tinstall Tcheck Ttotal Status Flags
r-devel-linux-x86_64-debian-clang 1.0.2 4.77 263.72 268.49 OK
r-devel-linux-x86_64-debian-gcc 1.0.2 3.92 198.26 202.18 OK
r-devel-linux-x86_64-fedora-clang 1.0.2 358.61 OK
r-devel-linux-x86_64-fedora-gcc 1.0.2 305.02 OK
r-devel-windows-ix86+x86_64 1.0.2 19.00 372.00 391.00 OK
r-patched-linux-x86_64 1.0.2 4.62 256.57 261.19 OK
r-patched-solaris-x86 1.0.2 453.60 WARN
r-release-linux-x86_64 1.0.2 5.12 257.33 262.45 OK
r-release-windows-ix86+x86_64 1.0.2 16.00 381.00 397.00 OK
r-release-osx-x86_64 1.0.2 WARN
r-oldrel-windows-ix86+x86_64 1.0.2 12.00 462.00 474.00 OK
r-oldrel-osx-x86_64 1.0.2 WARN

Check Details

Version: 1.0.2
Check: re-building of vignette outputs
Result: WARN
    Error in re-building vignettes:
     ...
    Warning in engine$weave(file, quiet = quiet, encoding = enc) :
     Pandoc (>= 1.12.3) and/or pandoc-citeproc not available. Falling back to R Markdown v1.
    Using constraints: b = 1
    Using constraints: b = 1
    Running default monotherapy fitting. Note that if constraints are needed, run mono fitting manually first
    Using constraints: b = 1
    Using constraints: b = 1
    PhantomJS not found. You can install it with webshot::install_phantomjs(). If it is installed, please make sure the phantomjs executable can be found via the PATH variable.
    Warning in normalizePath(f2) :
     path[1]="./webshot22de71f97971.png": No such file or directory
    Warning in file(con, "rb") :
     cannot open file './webshot22de71f97971.png': No such file or directory
    Quitting from lines 357-358 (userGuide.Rmd)
    Error: processing vignette 'userGuide.Rmd' failed with diagnostics:
    cannot open the connection
    Execution halted
Flavor: r-patched-solaris-x86

Version: 1.0.2
Check: whether package can be installed
Result: WARN
    Found the following significant warnings:
     Warning: 'rgl_init' failed, running with rgl.useNULL = TRUE
Flavors: r-release-osx-x86_64, r-oldrel-osx-x86_64

Version: 1.0.2
Check: re-building of vignette outputs
Result: WARN
    Error in re-building vignettes:
     ...
    Warning in engine$weave(file, quiet = quiet, encoding = enc) :
     Pandoc (>= 1.12.3) and/or pandoc-citeproc not available. Falling back to R Markdown v1.
    Warning in rgl.init(initValue, onlyNULL) :
     RGL: unable to open X11 display
    Warning: 'rgl_init' failed, running with rgl.useNULL = TRUE
    Using constraints: b = 1
    Using constraints: b = 1
    Running default monotherapy fitting. Note that if constraints are needed, run mono fitting manually first
    Using constraints: b = 1
    Using constraints: b = 1
    PhantomJS not found. You can install it with webshot::install_phantomjs(). If it is installed, please make sure the phantomjs executable can be found via the PATH variable.
    Warning in normalizePath(f2) :
     path[1]="./webshot100643a05274.png": No such file or directory
    Warning in file(con, "rb") :
     cannot open file './webshot100643a05274.png': No such file or directory
    Quitting from lines 357-358 (userGuide.Rmd)
    Error: processing vignette 'userGuide.Rmd' failed with diagnostics:
    cannot open the connection
    Execution halted
Flavor: r-release-osx-x86_64

Version: 1.0.2
Check: re-building of vignette outputs
Result: WARN
    Error in re-building vignettes:
     ...
    Using constraints: b = 1
    Running default monotherapy fitting. Note that if constraints are needed, run mono fitting manually first
    Using constraints: b = 1
    Using constraints: b = 1
    Warning in is.na(verts[, 2]) :
     is.na() applied to non-(list or vector) of type 'NULL'
    Warning in is.na(verts[, 3]) :
     is.na() applied to non-(list or vector) of type 'NULL'
    Warning in is.na(verts[, 1]) :
     is.na() applied to non-(list or vector) of type 'NULL'
    Warning in is.na(verts[, 3]) :
     is.na() applied to non-(list or vector) of type 'NULL'
    Warning in is.na(verts[, 1]) :
     is.na() applied to non-(list or vector) of type 'NULL'
    Warning in is.na(verts[, 2]) :
     is.na() applied to non-(list or vector) of type 'NULL'
    PhantomJS not found. You can install it with webshot::install_phantomjs(). If it is installed, please make sure the phantomjs executable can be found via the PATH variable.
    Warning in normalizePath(f2) :
     path[1]="./webshot146181b3bc15e.png": No such file or directory
    Warning in file(con, "rb") :
     cannot open file './webshot146181b3bc15e.png': No such file or directory
    Quitting from lines 357-358 (userGuide.Rmd)
    Error: processing vignette 'userGuide.Rmd' failed with diagnostics:
    cannot open the connection
    Execution halted
Flavor: r-oldrel-osx-x86_64