CRAN Package Check Results for Package dwapi

Last updated on 2018-07-17 01:47:00 CEST.

Flavor Version Tinstall Tcheck Ttotal Status Flags
r-devel-linux-x86_64-debian-clang 0.1.3 3.32 38.60 41.92 WARN
r-devel-linux-x86_64-debian-gcc 0.1.3 2.50 33.63 36.13 WARN
r-devel-linux-x86_64-fedora-clang 0.1.3 53.68 WARN
r-devel-linux-x86_64-fedora-gcc 0.1.3 51.12 WARN
r-devel-windows-ix86+x86_64 0.1.3 10.00 62.00 72.00 WARN
r-patched-linux-x86_64 0.1.3 2.57 39.05 41.62 OK
r-patched-solaris-x86 0.1.3 61.60 NOTE
r-release-linux-x86_64 0.1.3 3.35 38.97 42.32 OK
r-release-windows-ix86+x86_64 0.1.3 9.00 80.00 89.00 OK
r-release-osx-x86_64 0.1.3 NOTE
r-oldrel-windows-ix86+x86_64 0.1.3 5.00 99.00 104.00 OK
r-oldrel-osx-x86_64 0.1.3 NOTE

Check Details

Version: 0.1.3
Check: for unstated dependencies in ‘tests’
Result: WARN
    '::' or ':::' import not declared from: ‘curl’
Flavors: r-devel-linux-x86_64-debian-clang, r-devel-linux-x86_64-debian-gcc, r-devel-linux-x86_64-fedora-clang, r-devel-linux-x86_64-fedora-gcc, r-devel-windows-ix86+x86_64

Version: 0.1.3
Check: dependencies in R code
Result: NOTE
    Namespace in Imports field not imported from: ‘xml2’
     All declared Imports should be used.
Flavors: r-devel-linux-x86_64-fedora-clang, r-devel-linux-x86_64-fedora-gcc, r-patched-solaris-x86, r-release-osx-x86_64, r-oldrel-osx-x86_64