Last updated on 2018-07-17 01:47:00 CEST.
Flavor | Version | Tinstall | Tcheck | Ttotal | Status | Flags |
---|---|---|---|---|---|---|
r-devel-linux-x86_64-debian-clang | 0.5.3 | 365.05 | 179.16 | 544.21 | OK | |
r-devel-linux-x86_64-debian-gcc | 0.5.3 | 299.98 | 154.10 | 454.08 | OK | |
r-devel-linux-x86_64-fedora-clang | 0.5.3 | 819.90 | NOTE | |||
r-devel-linux-x86_64-fedora-gcc | 0.5.3 | 756.86 | OK | |||
r-devel-windows-ix86+x86_64 | 0.5.3 | 945.00 | 320.00 | 1265.00 | NOTE | |
r-patched-linux-x86_64 | 0.5.3 | 366.11 | 182.00 | 548.11 | OK | |
r-patched-solaris-x86 | 0.5.3 | 721.30 | NOTE | |||
r-release-linux-x86_64 | 0.5.3 | 351.96 | 181.38 | 533.34 | OK | |
r-release-windows-ix86+x86_64 | 0.5.3 | 937.00 | 387.00 | 1324.00 | NOTE | |
r-release-osx-x86_64 | 0.5.3 | NOTE | ||||
r-oldrel-windows-ix86+x86_64 | 0.5.3 | 724.00 | 310.00 | 1034.00 | NOTE | |
r-oldrel-osx-x86_64 | 0.5.3 | NOTE |
Version: 0.5.3
Check: installed package size
Result: NOTE
installed size is 26.9Mb
sub-directories of 1Mb or more:
data 4.2Mb
doc 1.2Mb
libs 21.1Mb
Flavors: r-devel-linux-x86_64-fedora-clang, r-devel-windows-ix86+x86_64, r-patched-solaris-x86, r-release-windows-ix86+x86_64, r-release-osx-x86_64, r-oldrel-windows-ix86+x86_64, r-oldrel-osx-x86_64