CRAN Package Check Results for Package dynetNLAResistance

Last updated on 2018-07-17 01:47:00 CEST.

Flavor Version Tinstall Tcheck Ttotal Status Flags
r-devel-linux-x86_64-debian-clang 0.1.0 2.40 23.02 25.42 OK
r-devel-linux-x86_64-debian-gcc 0.1.0 2.05 21.08 23.13 OK
r-devel-linux-x86_64-fedora-clang 0.1.0 34.44 NOTE
r-devel-linux-x86_64-fedora-gcc 0.1.0 31.50 NOTE
r-devel-windows-ix86+x86_64 0.1.0 5.00 36.00 41.00 OK
r-patched-linux-x86_64 0.1.0 2.01 24.96 26.97 OK
r-patched-solaris-x86 0.1.0 55.30 NOTE
r-release-linux-x86_64 0.1.0 2.40 24.89 27.29 OK
r-release-windows-ix86+x86_64 0.1.0 6.00 65.00 71.00 OK
r-release-osx-x86_64 0.1.0 NOTE
r-oldrel-windows-ix86+x86_64 0.1.0 3.00 38.00 41.00 OK
r-oldrel-osx-x86_64 0.1.0 NOTE

Check Details

Version: 0.1.0
Check: dependencies in R code
Result: NOTE
    Namespace in Imports field not imported from: ‘graphics’
     All declared Imports should be used.
Flavors: r-devel-linux-x86_64-fedora-clang, r-devel-linux-x86_64-fedora-gcc, r-patched-solaris-x86, r-release-osx-x86_64, r-oldrel-osx-x86_64