CRAN Package Check Results for Package eDMA

Last updated on 2018-07-17 01:47:00 CEST.

Flavor Version Tinstall Tcheck Ttotal Status Flags
r-devel-linux-x86_64-debian-clang 1.5-1 96.99 27.05 124.04 OK
r-devel-linux-x86_64-debian-gcc 1.5-1 77.41 24.67 102.08 OK
r-devel-linux-x86_64-fedora-clang 1.5-1 179.87 NOTE
r-devel-linux-x86_64-fedora-gcc 1.5-1 170.95 OK
r-devel-windows-ix86+x86_64 1.5-1 213.00 65.00 278.00 OK
r-patched-linux-x86_64 1.5-1 95.73 28.31 124.04 OK
r-patched-solaris-x86 1.5-1 112.20 ERROR
r-release-linux-x86_64 1.5-1 95.72 28.46 124.18 OK
r-release-windows-ix86+x86_64 1.5-1 225.00 104.00 329.00 OK
r-release-osx-x86_64 1.5-1 OK
r-oldrel-windows-ix86+x86_64 1.5-1 162.00 88.00 250.00 OK
r-oldrel-osx-x86_64 1.5-1 OK

Check Details

Version: 1.5-1
Check: installed package size
Result: NOTE
     installed size is 5.2Mb
     sub-directories of 1Mb or more:
     libs 4.9Mb
Flavor: r-devel-linux-x86_64-fedora-clang

Version: 1.5-1
Check: whether the package can be loaded
Result: ERROR
    Loading this package had a fatal error status code 1
    Loading log:
    Loading required package: zoo
    
    Attaching package: ‘zoo’
    
    The following objects are masked from ‘package:base’:
    
     as.Date, as.Date.numeric
    
    Loading required package: xts
    Loading required package: parallel
    Error: package or namespace load failed for ‘eDMA’ in dyn.load(file, DLLpath = DLLpath, ...):
     unable to load shared object '/home/ripley/R/Lib32/eDMA/libs/eDMA.so':
     ld.so.1: R: fatal: relocation error: file /home/ripley/R/Lib32/eDMA/libs/eDMA.so: symbol GOMP_atomic_start: referenced symbol not found
    Execution halted
Flavor: r-patched-solaris-x86