CRAN Package Check Results for Package ecoval

Last updated on 2018-07-17 01:47:00 CEST.

Flavor Version Tinstall Tcheck Ttotal Status Flags
r-devel-linux-x86_64-debian-clang 1.2 11.21 51.99 63.20 OK
r-devel-linux-x86_64-debian-gcc 1.2 8.72 46.04 54.76 OK
r-devel-linux-x86_64-fedora-clang 1.2 86.27 NOTE
r-devel-linux-x86_64-fedora-gcc 1.2 79.74 NOTE
r-devel-windows-ix86+x86_64 1.2 18.00 70.00 88.00 OK
r-patched-linux-x86_64 1.2 9.15 59.40 68.55 OK
r-patched-solaris-x86 1.2 101.90 NOTE
r-release-linux-x86_64 1.2 9.67 59.37 69.04 OK
r-release-windows-ix86+x86_64 1.2 22.00 85.00 107.00 OK
r-release-osx-x86_64 1.2 NOTE
r-oldrel-windows-ix86+x86_64 1.2 6.00 87.00 93.00 OK
r-oldrel-osx-x86_64 1.2 NOTE

Check Details

Version: 1.2
Check: data for non-ASCII characters
Result: NOTE
     Note: found 8 marked UTF-8 strings
Flavors: r-devel-linux-x86_64-fedora-clang, r-devel-linux-x86_64-fedora-gcc, r-patched-solaris-x86, r-release-osx-x86_64, r-oldrel-osx-x86_64