Last updated on 2018-07-17 01:47:01 CEST.
Flavor | Version | Tinstall | Tcheck | Ttotal | Status | Flags |
---|---|---|---|---|---|---|
r-devel-linux-x86_64-debian-clang | 2.0 | 210.26 | 94.36 | 304.62 | NOTE | |
r-devel-linux-x86_64-debian-gcc | 2.0 | 169.53 | 80.60 | 250.13 | NOTE | |
r-devel-linux-x86_64-fedora-clang | 2.0 | 461.49 | NOTE | |||
r-devel-linux-x86_64-fedora-gcc | 2.0 | 402.62 | NOTE | |||
r-devel-windows-ix86+x86_64 | 2.0 | 432.00 | 180.00 | 612.00 | WARN | |
r-patched-linux-x86_64 | 2.0 | 185.79 | 89.44 | 275.23 | NOTE | |
r-patched-solaris-x86 | 2.0 | 354.70 | NOTE | |||
r-release-linux-x86_64 | 2.0 | 186.67 | 89.52 | 276.19 | NOTE | |
r-release-windows-ix86+x86_64 | 2.0 | 437.00 | 222.00 | 659.00 | WARN | |
r-release-osx-x86_64 | 2.0 | NOTE | ||||
r-oldrel-windows-ix86+x86_64 | 2.0 | 329.00 | 165.00 | 494.00 | NOTE | |
r-oldrel-osx-x86_64 | 2.0 | NOTE |
Version: 2.0
Check: package dependencies
Result: NOTE
Package suggested but not available for checking: ‘eggCountsExtra’
Flavors: r-devel-linux-x86_64-debian-clang, r-devel-linux-x86_64-debian-gcc, r-devel-linux-x86_64-fedora-clang, r-devel-linux-x86_64-fedora-gcc, r-devel-windows-ix86+x86_64, r-patched-linux-x86_64, r-patched-solaris-x86, r-release-linux-x86_64, r-release-windows-ix86+x86_64, r-release-osx-x86_64, r-oldrel-windows-ix86+x86_64, r-oldrel-osx-x86_64
Version: 2.0
Check: installed package size
Result: NOTE
installed size is 53.9Mb
sub-directories of 1Mb or more:
libs 53.2Mb
Flavors: r-devel-linux-x86_64-fedora-clang, r-devel-windows-ix86+x86_64, r-patched-solaris-x86, r-release-windows-ix86+x86_64, r-release-osx-x86_64, r-oldrel-windows-ix86+x86_64, r-oldrel-osx-x86_64
Version: 2.0
Check: whether package can be installed
Result: WARN
Found the following significant warnings:
Warning: S3 methods '[.fun_list', '[.grouped_df', 'all.equal.tbl_df', 'anti_join.data.frame', 'anti_join.tbl_df', 'arrange.data.frame', 'arrange.default', 'arrange.grouped_df', 'arrange.tbl_df', 'arrange_.data.frame', 'arrange_.tbl_df', 'as.data.frame.grouped_df', 'as.data.frame.rowwise_df', 'as.data.frame.tbl_cube', 'as.data.frame.tbl_df', 'as.table.tbl_cube', 'as.tbl.data.frame', 'as.tbl.tbl', 'as.tbl_cube.array', 'as.tbl_cube.data.frame', 'as.tbl_cube.matrix', 'as.tbl_cube.table', 'as_data_frame.grouped_df', 'as_data_frame.tbl_cube', 'auto_copy.tbl_cube', 'auto_copy.tbl_df', 'cbind.grouped_df', 'collapse.data.frame', 'collect.data.frame', 'common_by.NULL', 'common_by.character', 'common_by.default', 'common_by.list', 'compute.data.frame', 'copy_to.DBIConnection', 'copy_to.src_local', 'default_missing.data.frame', 'default_missing.default', 'dim.tbl_cube', 'distinct.data.frame', 'distinct.default', 'distinct.grouped_df', 'distinct.tbl_df', 'distinct_.data.frame', 'distinct_.grouped_df', 'dist [... truncated]
Flavors: r-devel-windows-ix86+x86_64, r-release-windows-ix86+x86_64