Last updated on 2018-07-17 01:47:01 CEST.
Flavor | Version | Tinstall | Tcheck | Ttotal | Status | Flags |
---|---|---|---|---|---|---|
r-devel-linux-x86_64-debian-clang | 1.1.0 | 2.66 | 24.78 | 27.44 | OK | |
r-devel-linux-x86_64-debian-gcc | 1.1.0 | 2.24 | 21.35 | 23.59 | OK | |
r-devel-linux-x86_64-fedora-clang | 1.1.0 | 36.30 | NOTE | |||
r-devel-linux-x86_64-fedora-gcc | 1.1.0 | 33.42 | NOTE | |||
r-devel-windows-ix86+x86_64 | 1.1.0 | 6.00 | 36.00 | 42.00 | OK | |
r-patched-linux-x86_64 | 1.1.0 | 2.86 | 26.42 | 29.28 | OK | |
r-patched-solaris-x86 | 1.1.0 | 49.20 | NOTE | |||
r-release-linux-x86_64 | 1.1.0 | 1.96 | 26.27 | 28.23 | OK | |
r-release-windows-ix86+x86_64 | 1.1.0 | 7.00 | 57.00 | 64.00 | OK | |
r-release-osx-x86_64 | 1.1.0 | NOTE | ||||
r-oldrel-windows-ix86+x86_64 | 1.1.0 | 3.00 | 36.00 | 39.00 | OK | |
r-oldrel-osx-x86_64 | 1.1.0 | NOTE |
Version: 1.1.0
Check: dependencies in R code
Result: NOTE
Namespace in Imports field not imported from: ‘signal’
All declared Imports should be used.
Flavors: r-devel-linux-x86_64-fedora-clang, r-devel-linux-x86_64-fedora-gcc, r-patched-solaris-x86, r-release-osx-x86_64, r-oldrel-osx-x86_64